Last updated on 2025-02-17 07:50:31 CET.
Flavor | Version | Tinstall | Tcheck | Ttotal | Status | Flags |
---|---|---|---|---|---|---|
r-devel-linux-x86_64-debian-clang | 0.1.5 | 59.74 | 52.66 | 112.40 | NOTE | |
r-devel-linux-x86_64-debian-gcc | 0.1.5 | 51.06 | 46.57 | 97.63 | NOTE | |
r-devel-linux-x86_64-fedora-clang | 0.1.5 | 185.24 | NOTE | |||
r-devel-linux-x86_64-fedora-gcc | 0.1.5 | 212.95 | NOTE | |||
r-devel-macos-arm64 | 0.1.5 | 53.00 | NOTE | |||
r-devel-macos-x86_64 | 0.1.5 | 111.00 | NOTE | |||
r-devel-windows-x86_64 | 0.1.5 | 56.00 | 89.00 | 145.00 | NOTE | |
r-patched-linux-x86_64 | 0.1.5 | 65.73 | 57.03 | 122.76 | NOTE | |
r-release-linux-x86_64 | 0.1.5 | 60.52 | 57.33 | 117.85 | NOTE | |
r-release-macos-arm64 | 0.1.5 | 49.00 | NOTE | |||
r-release-macos-x86_64 | 0.1.5 | 79.00 | NOTE | |||
r-release-windows-x86_64 | 0.1.5 | 59.00 | 88.00 | 147.00 | NOTE | |
r-oldrel-macos-arm64 | 0.1.5 | 61.00 | NOTE | |||
r-oldrel-macos-x86_64 | 0.1.5 | 92.00 | NOTE | |||
r-oldrel-windows-x86_64 | 0.1.5 | 75.00 | 105.00 | 180.00 | NOTE |
Version: 0.1.5
Check: C++ specification
Result: NOTE
Specified C++11: please drop specification unless essential
Flavors: r-devel-linux-x86_64-debian-clang, r-devel-linux-x86_64-debian-gcc, r-devel-linux-x86_64-fedora-clang, r-devel-linux-x86_64-fedora-gcc, r-devel-macos-arm64, r-devel-macos-x86_64, r-devel-windows-x86_64, r-patched-linux-x86_64, r-release-linux-x86_64, r-release-macos-arm64, r-release-macos-x86_64, r-release-windows-x86_64, r-oldrel-macos-arm64, r-oldrel-macos-x86_64, r-oldrel-windows-x86_64
Version: 0.1.5
Check: installed package size
Result: NOTE
installed size is 29.0Mb
sub-directories of 1Mb or more:
libs 28.9Mb
Flavors: r-release-macos-arm64, r-release-macos-x86_64, r-oldrel-macos-arm64, r-oldrel-macos-x86_64