Last updated on 2024-05-11 07:51:26 CEST.
Flavor | Version | Tinstall | Tcheck | Ttotal | Status | Flags |
---|---|---|---|---|---|---|
r-devel-linux-x86_64-debian-clang | 0.1.1 | 53.42 | 215.49 | 268.91 | OK | |
r-devel-linux-x86_64-debian-gcc | 0.1.1 | 43.51 | 157.75 | 201.26 | OK | |
r-devel-linux-x86_64-fedora-clang | 0.1.1 | 349.84 | OK | |||
r-devel-linux-x86_64-fedora-gcc | 0.1.1 | 360.67 | OK | |||
r-devel-windows-x86_64 | 0.1.1 | 48.00 | 176.00 | 224.00 | OK | |
r-patched-linux-x86_64 | 0.1.1 | 54.91 | 201.39 | 256.30 | OK | |
r-release-linux-x86_64 | 0.1.1 | 53.17 | 206.23 | 259.40 | OK | |
r-release-macos-arm64 | 0.1.1 | 119.00 | NOTE | |||
r-release-windows-x86_64 | 0.1.1 | 43.00 | 176.00 | 219.00 | OK | |
r-oldrel-macos-arm64 | 0.1.1 | 111.00 | NOTE | |||
r-oldrel-macos-x86_64 | 0.1.1 | 177.00 | NOTE | |||
r-oldrel-windows-x86_64 | 0.1.1 | 58.00 | 217.00 | 275.00 | OK |
Version: 0.1.1
Check: installed package size
Result: NOTE
installed size is 6.3Mb
sub-directories of 1Mb or more:
data 1.5Mb
doc 1.1Mb
libs 3.0Mb
Flavors: r-release-macos-arm64, r-oldrel-macos-arm64, r-oldrel-macos-x86_64