Last updated on 2025-02-17 07:50:30 CET.
Flavor | Version | Tinstall | Tcheck | Ttotal | Status | Flags |
---|---|---|---|---|---|---|
r-devel-linux-x86_64-debian-clang | 0.1.0 | 19.06 | 22.38 | 41.44 | OK | |
r-devel-linux-x86_64-debian-gcc | 0.1.0 | 14.93 | 18.61 | 33.54 | OK | |
r-devel-linux-x86_64-fedora-clang | 0.1.0 | 84.48 | OK | |||
r-devel-linux-x86_64-fedora-gcc | 0.1.0 | 74.64 | OK | |||
r-devel-macos-arm64 | 0.1.0 | 25.00 | OK | |||
r-devel-macos-x86_64 | 0.1.0 | 37.00 | OK | |||
r-devel-windows-x86_64 | 0.1.0 | 23.00 | 63.00 | 86.00 | OK | |
r-patched-linux-x86_64 | 0.1.0 | 20.44 | 21.58 | 42.02 | NOTE | |
r-release-linux-x86_64 | 0.1.0 | 20.12 | 21.42 | 41.54 | NOTE | |
r-release-macos-arm64 | 0.1.0 | 25.00 | NOTE | |||
r-release-macos-x86_64 | 0.1.0 | 37.00 | NOTE | |||
r-release-windows-x86_64 | 0.1.0 | 24.00 | 65.00 | 89.00 | NOTE | |
r-oldrel-macos-arm64 | 0.1.0 | 24.00 | NOTE | |||
r-oldrel-macos-x86_64 | 0.1.0 | 43.00 | NOTE | |||
r-oldrel-windows-x86_64 | 0.1.0 | 28.00 | 68.00 | 96.00 | NOTE |
Version: 0.1.0
Check: LazyData
Result: NOTE
'LazyData' is specified without a 'data' directory
Flavors: r-patched-linux-x86_64, r-release-linux-x86_64, r-release-macos-arm64, r-release-macos-x86_64, r-release-windows-x86_64, r-oldrel-macos-arm64, r-oldrel-macos-x86_64, r-oldrel-windows-x86_64