Last updated on 2025-02-05 07:50:10 CET.
Flavor | Version | Tinstall | Tcheck | Ttotal | Status | Flags |
---|---|---|---|---|---|---|
r-devel-linux-x86_64-debian-clang | 0.2-6 | 3.04 | 29.82 | 32.86 | NOTE | |
r-devel-linux-x86_64-debian-gcc | 0.2-6 | 2.45 | 22.22 | 24.67 | NOTE | |
r-devel-linux-x86_64-fedora-clang | 0.2-6 | 54.80 | NOTE | |||
r-devel-linux-x86_64-fedora-gcc | 0.2-6 | 50.31 | NOTE | |||
r-devel-windows-x86_64 | 0.2-6 | 4.00 | 58.00 | 62.00 | NOTE | |
r-patched-linux-x86_64 | 0.2-6 | 3.76 | 27.67 | 31.43 | NOTE | |
r-release-linux-x86_64 | 0.2-6 | 2.87 | 28.46 | 31.33 | NOTE | |
r-release-macos-arm64 | 0.2-6 | 25.00 | NOTE | |||
r-release-macos-x86_64 | 0.2-6 | 28.00 | NOTE | |||
r-release-windows-x86_64 | 0.2-6 | 5.00 | 56.00 | 61.00 | NOTE | |
r-oldrel-macos-arm64 | 0.2-6 | 21.00 | OK | |||
r-oldrel-macos-x86_64 | 0.2-6 | 27.00 | OK | |||
r-oldrel-windows-x86_64 | 0.2-6 | 4.00 | 57.00 | 61.00 | OK |
Version: 0.2-6
Check: Rd files
Result: NOTE
checkRd: (-1) rstable.Rd:42: Lost braces
42 | Lo\"{g}ae\"{v}e, M. (1977). Probability Theory I. (fourth edition) Springer-Verlag, New York.
| ^
checkRd: (-1) rstable.Rd:42: Lost braces
42 | Lo\"{g}ae\"{v}e, M. (1977). Probability Theory I. (fourth edition) Springer-Verlag, New York.
| ^
Flavors: r-devel-linux-x86_64-debian-clang, r-devel-linux-x86_64-debian-gcc, r-devel-linux-x86_64-fedora-clang, r-devel-linux-x86_64-fedora-gcc, r-devel-windows-x86_64, r-patched-linux-x86_64, r-release-linux-x86_64, r-release-macos-arm64, r-release-macos-x86_64, r-release-windows-x86_64
Version: 0.2-6
Check: Rd cross-references
Result: NOTE
Found the following Rd file(s) with Rd \link{} targets missing package
anchors:
circ.plot.Rd: eqscplot
Please provide package anchors for all Rd \link{} targets not in the
package itself and the base packages.
Flavors: r-devel-linux-x86_64-debian-clang, r-devel-linux-x86_64-debian-gcc, r-devel-windows-x86_64