CRAN Package Check Results for Package CRWRM

Last updated on 2025-05-09 07:50:52 CEST.

Flavor Version Tinstall Tcheck Ttotal Status Flags
r-devel-linux-x86_64-debian-clang 0.0.1 1.74 16.58 18.32 NOTE
r-devel-linux-x86_64-debian-gcc 0.0.1 1.32 13.68 15.00 NOTE
r-devel-linux-x86_64-fedora-clang 0.0.1 29.45 OK
r-devel-linux-x86_64-fedora-gcc 0.0.1 27.76 OK
r-devel-windows-x86_64 0.0.1 3.00 36.00 39.00 OK
r-patched-linux-x86_64 0.0.1 1.59 15.93 17.52 OK
r-release-linux-x86_64 0.0.1 1.67 15.75 17.42 OK
r-release-macos-arm64 0.0.1 14.00 OK
r-release-macos-x86_64 0.0.1 21.00 OK
r-release-windows-x86_64 0.0.1 3.00 34.00 37.00 OK
r-oldrel-macos-arm64 0.0.1 14.00 NOTE
r-oldrel-macos-x86_64 0.0.1 20.00 NOTE
r-oldrel-windows-x86_64 0.0.1 3.00 42.00 45.00 NOTE

Check Details

Version: 0.0.1
Check: CRAN incoming feasibility
Result: NOTE Maintainer: ‘Ziqiang Lin <ziqiang.lin@nyulangone.org>’ No Authors@R field in DESCRIPTION. Please add one, modifying Authors@R: c(person(given = "Ziqiang", family = "Lin", role = c("aut", "cre"), email = "ziqiang.lin@nyulangone.org"), person(given = c("Eugene", "M"), family = "Laska", role = "aut"), person(given = c("Carole", "E"), family = "Siegel", role = "aut"), person(given = "Wangjian", family = "Zhang", role = "aut"), person(given = "Qiaoxuan", family = "Lin", role = "aut"), person(given = "Bo", family = "Ye.", role = "aut")) as necessary. Flavors: r-devel-linux-x86_64-debian-clang, r-devel-linux-x86_64-debian-gcc

Version: 0.0.1
Check: LazyData
Result: NOTE 'LazyData' is specified without a 'data' directory Flavors: r-oldrel-macos-arm64, r-oldrel-macos-x86_64, r-oldrel-windows-x86_64