Last updated on 2025-02-17 07:50:30 CET.
Flavor | Version | Tinstall | Tcheck | Ttotal | Status | Flags |
---|---|---|---|---|---|---|
r-devel-linux-x86_64-debian-clang | 1.0 | 5.91 | 51.66 | 57.57 | NOTE | |
r-devel-linux-x86_64-debian-gcc | 1.0 | 4.29 | 38.88 | 43.17 | NOTE | |
r-devel-linux-x86_64-fedora-clang | 1.0 | 98.50 | NOTE | |||
r-devel-linux-x86_64-fedora-gcc | 1.0 | 89.22 | NOTE | |||
r-devel-macos-arm64 | 1.0 | 33.00 | NOTE | |||
r-devel-macos-x86_64 | 1.0 | 61.00 | NOTE | |||
r-devel-windows-x86_64 | 1.0 | 7.00 | 69.00 | 76.00 | NOTE | |
r-patched-linux-x86_64 | 1.0 | 5.92 | 48.42 | 54.34 | NOTE | |
r-release-linux-x86_64 | 1.0 | 6.06 | 48.98 | 55.04 | NOTE | |
r-release-macos-arm64 | 1.0 | 29.00 | NOTE | |||
r-release-macos-x86_64 | 1.0 | 48.00 | NOTE | |||
r-release-windows-x86_64 | 1.0 | 7.00 | 64.00 | 71.00 | NOTE | |
r-oldrel-macos-arm64 | 1.0 | 35.00 | NOTE | |||
r-oldrel-macos-x86_64 | 1.0 | 50.00 | NOTE | |||
r-oldrel-windows-x86_64 | 1.0 | 10.00 | 73.00 | 83.00 | NOTE |
Version: 1.0
Check: Rd files
Result: NOTE
checkRd: (-1) CIplot.Rd:58: Lost braces; missing escapes or markup?
58 | \item{las}{numeric in {0,1,2,3}; the style of axis labels.
| ^
Flavors: r-devel-linux-x86_64-debian-clang, r-devel-linux-x86_64-debian-gcc, r-devel-linux-x86_64-fedora-clang, r-devel-linux-x86_64-fedora-gcc, r-devel-macos-arm64, r-devel-macos-x86_64, r-devel-windows-x86_64, r-patched-linux-x86_64, r-release-linux-x86_64, r-release-macos-arm64, r-release-macos-x86_64, r-release-windows-x86_64
Version: 1.0
Check: package dependencies
Result: NOTE
Package suggested but not available for checking: ‘userfriendlyscience’
Flavors: r-patched-linux-x86_64, r-release-linux-x86_64, r-release-macos-arm64, r-release-macos-x86_64, r-release-windows-x86_64, r-oldrel-macos-arm64, r-oldrel-macos-x86_64, r-oldrel-windows-x86_64