CRAN Package Check Results for Package CC

Last updated on 2025-10-13 07:49:47 CEST.

Flavor Version Tinstall Tcheck Ttotal Status Flags
r-devel-linux-x86_64-debian-clang 1.0 1.86 21.21 23.07 NOTE
r-devel-linux-x86_64-debian-gcc 1.0 1.41 16.72 18.13 NOTE
r-devel-linux-x86_64-fedora-clang 1.0 33.96 OK
r-devel-linux-x86_64-fedora-gcc 1.0 31.89 OK
r-devel-windows-x86_64 1.0 4.00 40.00 44.00 OK
r-patched-linux-x86_64 1.0 2.00 19.78 21.78 OK
r-release-linux-x86_64 1.0 1.93 19.63 21.56 OK
r-release-macos-arm64 1.0 15.00 OK
r-release-macos-x86_64 1.0 26.00 OK
r-release-windows-x86_64 1.0 3.00 39.00 42.00 OK
r-oldrel-macos-arm64 1.0 21.00 OK
r-oldrel-macos-x86_64 1.0 29.00 OK
r-oldrel-windows-x86_64 1.0 3.00 38.00 41.00 OK

Check Details

Version: 1.0
Check: CRAN incoming feasibility
Result: NOTE Maintainer: ‘W.John Braun <john.braun@ubc.ca>’ No Authors@R field in DESCRIPTION. Please add one, modifying Authors@R: c(person(given = "W.J.", family = "Braun", role = "aut"), person(given = "W.John", family = "Braun", role = "cre", email = "john.braun@ubc.ca")) as necessary. Flavors: r-devel-linux-x86_64-debian-clang, r-devel-linux-x86_64-debian-gcc