Last updated on 2025-02-17 07:50:29 CET.
Flavor | Version | Tinstall | Tcheck | Ttotal | Status | Flags |
---|---|---|---|---|---|---|
r-devel-linux-x86_64-debian-clang | 0.1.4 | 25.58 | 25.75 | 51.33 | NOTE | |
r-devel-linux-x86_64-debian-gcc | 0.1.4 | 17.32 | 20.49 | 37.81 | NOTE | |
r-devel-linux-x86_64-fedora-clang | 0.1.4 | 93.48 | NOTE | |||
r-devel-linux-x86_64-fedora-gcc | 0.1.4 | 90.74 | NOTE | |||
r-devel-macos-arm64 | 0.1.4 | 28.00 | NOTE | |||
r-devel-macos-x86_64 | 0.1.4 | 63.00 | NOTE | |||
r-devel-windows-x86_64 | 0.1.4 | 27.00 | 64.00 | 91.00 | NOTE | |
r-patched-linux-x86_64 | 0.1.4 | 26.72 | 24.56 | 51.28 | NOTE | |
r-release-linux-x86_64 | 0.1.4 | 27.17 | 24.14 | 51.31 | NOTE | |
r-release-macos-arm64 | 0.1.4 | 32.00 | NOTE | |||
r-release-macos-x86_64 | 0.1.4 | 43.00 | NOTE | |||
r-release-windows-x86_64 | 0.1.4 | 29.00 | 68.00 | 97.00 | NOTE | |
r-oldrel-macos-arm64 | 0.1.4 | 30.00 | NOTE | |||
r-oldrel-macos-x86_64 | 0.1.4 | 51.00 | NOTE | |||
r-oldrel-windows-x86_64 | 0.1.4 | 34.00 | 113.00 | 147.00 | NOTE |
Version: 0.1.4
Check: C++ specification
Result: NOTE
Specified C++11: please drop specification unless essential
Flavors: r-devel-linux-x86_64-debian-clang, r-devel-linux-x86_64-debian-gcc, r-devel-linux-x86_64-fedora-clang, r-devel-linux-x86_64-fedora-gcc, r-devel-macos-arm64, r-devel-macos-x86_64, r-devel-windows-x86_64, r-patched-linux-x86_64, r-release-linux-x86_64, r-release-macos-arm64, r-release-macos-x86_64, r-release-windows-x86_64, r-oldrel-macos-arm64, r-oldrel-macos-x86_64, r-oldrel-windows-x86_64
Version: 0.1.4
Check: package subdirectories
Result: NOTE
Problems with news in ‘NEWS.md’:
No news entries found.
Flavors: r-devel-linux-x86_64-debian-clang, r-devel-linux-x86_64-debian-gcc, r-devel-linux-x86_64-fedora-clang, r-devel-linux-x86_64-fedora-gcc, r-devel-macos-arm64, r-devel-macos-x86_64, r-devel-windows-x86_64, r-patched-linux-x86_64, r-release-linux-x86_64, r-release-macos-arm64, r-release-macos-x86_64, r-release-windows-x86_64, r-oldrel-macos-arm64, r-oldrel-macos-x86_64, r-oldrel-windows-x86_64