Last updated on 2025-02-17 07:50:28 CET.
Flavor | Version | Tinstall | Tcheck | Ttotal | Status | Flags |
---|---|---|---|---|---|---|
r-devel-linux-x86_64-debian-clang | 0.3.11 | 62.28 | 122.28 | 184.56 | NOTE | |
r-devel-linux-x86_64-debian-gcc | 0.3.11 | 48.63 | 90.06 | 138.69 | NOTE | |
r-devel-linux-x86_64-fedora-clang | 0.3.11 | 321.72 | OK | |||
r-devel-linux-x86_64-fedora-gcc | 0.3.11 | 312.98 | OK | |||
r-devel-macos-arm64 | 0.3.11 | 90.00 | OK | |||
r-devel-macos-x86_64 | 0.3.11 | 129.00 | OK | |||
r-devel-windows-x86_64 | 0.3.11 | 59.00 | 155.00 | 214.00 | NOTE | |
r-patched-linux-x86_64 | 0.3.11 | 75.81 | 117.56 | 193.37 | NOTE | |
r-release-linux-x86_64 | 0.3.11 | 70.40 | 117.76 | 188.16 | NOTE | |
r-release-macos-arm64 | 0.3.11 | 80.00 | NOTE | |||
r-release-macos-x86_64 | 0.3.11 | 193.00 | NOTE | |||
r-release-windows-x86_64 | 0.3.11 | 66.00 | 146.00 | 212.00 | OK | |
r-oldrel-macos-arm64 | 0.3.11 | 83.00 | NOTE | |||
r-oldrel-macos-x86_64 | 0.3.11 | 147.00 | NOTE | |||
r-oldrel-windows-x86_64 | 0.3.11 | 79.00 | 184.00 | 263.00 | NOTE |
Version: 0.3.11
Check: Rd cross-references
Result: NOTE
Found the following Rd file(s) with Rd \link{} targets missing package
anchors:
id_activations.posterior.Rd: excursions.inla
Please provide package anchors for all Rd \link{} targets not in the
package itself and the base packages.
Flavors: r-devel-linux-x86_64-debian-clang, r-devel-linux-x86_64-debian-gcc, r-devel-windows-x86_64
Version: 0.3.11
Check: package dependencies
Result: NOTE
Package suggested but not available for checking: ‘INLA’
Flavors: r-patched-linux-x86_64, r-release-linux-x86_64, r-release-macos-arm64, r-release-macos-x86_64, r-oldrel-macos-arm64, r-oldrel-macos-x86_64, r-oldrel-windows-x86_64
Version: 0.3.11
Check: installed package size
Result: NOTE
installed size is 17.0Mb
sub-directories of 1Mb or more:
libs 16.6Mb
Flavors: r-release-macos-arm64, r-release-macos-x86_64, r-oldrel-macos-arm64, r-oldrel-macos-x86_64