Last updated on 2025-02-07 07:49:02 CET.
Flavor | Version | Tinstall | Tcheck | Ttotal | Status | Flags |
---|---|---|---|---|---|---|
r-devel-linux-x86_64-debian-clang | 2.2 | 94.61 | 148.33 | 242.94 | NOTE | |
r-devel-linux-x86_64-debian-gcc | 2.2 | 71.51 | 98.13 | 169.64 | NOTE | |
r-devel-linux-x86_64-fedora-clang | 2.2 | 421.24 | NOTE | |||
r-devel-linux-x86_64-fedora-gcc | 2.2 | 443.34 | NOTE | |||
r-devel-windows-x86_64 | 2.2 | 102.00 | 191.00 | 293.00 | NOTE | |
r-patched-linux-x86_64 | 2.2 | 104.41 | 130.13 | 234.54 | NOTE | |
r-release-linux-x86_64 | 2.2 | 104.69 | 130.24 | 234.93 | NOTE | |
r-release-macos-arm64 | 2.2 | 114.00 | NOTE | |||
r-release-macos-x86_64 | 2.2 | 176.00 | NOTE | |||
r-release-windows-x86_64 | 2.2 | 98.00 | 186.00 | 284.00 | NOTE | |
r-oldrel-macos-arm64 | 2.2 | 151.00 | NOTE | |||
r-oldrel-macos-x86_64 | 2.2 | 235.00 | NOTE | |||
r-oldrel-windows-x86_64 | 2.2 | 116.00 | 218.00 | 334.00 | NOTE |
Version: 2.2
Check: C++ specification
Result: NOTE
Specified C++11: please drop specification unless essential
Flavors: r-devel-linux-x86_64-debian-clang, r-devel-linux-x86_64-debian-gcc, r-devel-linux-x86_64-fedora-clang, r-devel-linux-x86_64-fedora-gcc, r-devel-windows-x86_64, r-patched-linux-x86_64, r-release-linux-x86_64, r-release-macos-arm64, r-release-macos-x86_64, r-release-windows-x86_64, r-oldrel-macos-arm64, r-oldrel-macos-x86_64, r-oldrel-windows-x86_64
Version: 2.2
Check: installed package size
Result: NOTE
installed size is 8.1Mb
sub-directories of 1Mb or more:
libs 7.5Mb
Flavors: r-release-macos-arm64, r-release-macos-x86_64, r-oldrel-macos-arm64, r-oldrel-macos-x86_64