Last updated on 2024-07-26 07:51:38 CEST.
Flavor | Version | Tinstall | Tcheck | Ttotal | Status | Flags |
---|---|---|---|---|---|---|
r-devel-linux-x86_64-debian-clang | 2.2.1 | 310.66 | 334.50 | 645.16 | OK | |
r-devel-linux-x86_64-debian-gcc | 2.2.1 | 205.86 | 258.82 | 464.68 | OK | |
r-devel-linux-x86_64-fedora-clang | 2.2.1 | 1039.55 | OK | |||
r-devel-linux-x86_64-fedora-gcc | 2.2.1 | 940.30 | OK | |||
r-devel-windows-x86_64 | 2.2.1 | 248.00 | 326.00 | 574.00 | NOTE | |
r-patched-linux-x86_64 | 2.2.1 | OK | ||||
r-release-linux-x86_64 | 2.2.1 | 231.51 | 323.40 | 554.91 | OK | |
r-release-macos-arm64 | 2.2.1 | 223.00 | NOTE | |||
r-release-macos-x86_64 | 2.2.1 | 256.00 | NOTE | |||
r-release-windows-x86_64 | 2.2.1 | 306.00 | 330.00 | 636.00 | NOTE | |
r-oldrel-macos-arm64 | 2.2.1 | 230.00 | NOTE | |||
r-oldrel-macos-x86_64 | 2.2.1 | 360.00 | NOTE | |||
r-oldrel-windows-x86_64 | 2.2.1 | 291.00 | 373.00 | 664.00 | NOTE |
Version: 2.2.1
Check: installed package size
Result: NOTE
installed size is 5.2Mb
sub-directories of 1Mb or more:
doc 2.7Mb
libs 1.7Mb
Flavors: r-devel-windows-x86_64, r-release-macos-arm64, r-release-macos-x86_64, r-release-windows-x86_64, r-oldrel-macos-arm64, r-oldrel-macos-x86_64, r-oldrel-windows-x86_64