Last updated on 2024-07-26 07:51:40 CEST.
Flavor | Version | Tinstall | Tcheck | Ttotal | Status | Flags |
---|---|---|---|---|---|---|
r-devel-linux-x86_64-debian-clang | 0.3.7 | 29.40 | 40.39 | 69.79 | NOTE | |
r-devel-linux-x86_64-debian-gcc | 0.3.7 | 24.03 | 36.33 | 60.36 | NOTE | |
r-devel-linux-x86_64-fedora-clang | 0.3.7 | 122.05 | NOTE | |||
r-devel-linux-x86_64-fedora-gcc | 0.3.7 | 101.93 | NOTE | |||
r-devel-windows-x86_64 | 0.3.7 | 25.00 | 66.00 | 91.00 | NOTE | |
r-patched-linux-x86_64 | 0.3.7 | NOTE | ||||
r-release-linux-x86_64 | 0.3.7 | 27.85 | 45.67 | 73.52 | NOTE | |
r-release-macos-arm64 | 0.3.7 | 31.00 | NOTE | |||
r-release-macos-x86_64 | 0.3.7 | 47.00 | NOTE | |||
r-release-windows-x86_64 | 0.3.7 | 34.00 | 71.00 | 105.00 | NOTE | |
r-oldrel-macos-arm64 | 0.3.7 | 32.00 | OK | |||
r-oldrel-macos-x86_64 | 0.3.7 | 54.00 | OK | |||
r-oldrel-windows-x86_64 | 0.3.7 | 23.00 | 80.00 | 103.00 | OK |
Version: 0.3.7
Check: Rd files
Result: NOTE
checkRd: (-1) terms.BTM.Rd:23-25: Lost braces in \itemize; \value handles \item{}{} directly
checkRd: (-1) terms.BTM.Rd:26-32: Lost braces in \itemize; \value handles \item{}{} directly
checkRd: (-1) terms.data.frame.Rd:25-31: Lost braces in \itemize; \value handles \item{}{} directly
checkRd: (-1) terms.data.frame.Rd:32-38: Lost braces in \itemize; \value handles \item{}{} directly
Flavors: r-devel-linux-x86_64-debian-clang, r-devel-linux-x86_64-debian-gcc, r-devel-linux-x86_64-fedora-clang, r-devel-linux-x86_64-fedora-gcc, r-devel-windows-x86_64, r-patched-linux-x86_64, r-release-linux-x86_64, r-release-macos-arm64, r-release-macos-x86_64, r-release-windows-x86_64