Last updated on 2025-02-19 07:53:36 CET.
Flavor | Version | Tinstall | Tcheck | Ttotal | Status | Flags |
---|---|---|---|---|---|---|
r-devel-linux-x86_64-debian-clang | 2.4.4 | 6.91 | 34.73 | 41.64 | NOTE | |
r-devel-linux-x86_64-debian-gcc | 2.4.4 | 5.25 | 27.40 | 32.65 | NOTE | |
r-devel-linux-x86_64-fedora-clang | 2.4.4 | 73.95 | OK | |||
r-devel-linux-x86_64-fedora-gcc | 2.4.4 | 82.79 | OK | |||
r-devel-macos-arm64 | 2.4.4 | 35.00 | OK | |||
r-devel-macos-x86_64 | 2.4.4 | 75.00 | OK | |||
r-devel-windows-x86_64 | 2.4.4 | 8.00 | 60.00 | 68.00 | NOTE | |
r-patched-linux-x86_64 | 2.4.4 | 12.20 | 33.15 | 45.35 | OK | |
r-release-linux-x86_64 | 2.4.4 | 6.87 | 33.35 | 40.22 | OK | |
r-release-macos-arm64 | 2.4.4 | 33.00 | OK | |||
r-release-macos-x86_64 | 2.4.4 | 51.00 | OK | |||
r-release-windows-x86_64 | 2.4.4 | 10.00 | 59.00 | 69.00 | OK | |
r-oldrel-macos-arm64 | 2.4.4 | 37.00 | OK | |||
r-oldrel-macos-x86_64 | 2.4.4 | 88.00 | OK | |||
r-oldrel-windows-x86_64 | 2.4.4 | 11.00 | 63.00 | 74.00 | OK |
Version: 2.4.4
Check: Rd cross-references
Result: NOTE
Found the following Rd file(s) with Rd \link{} targets missing package
anchors:
az_resource_group.Rd: AzureToken
az_rm.Rd: AzureToken
az_subscription.Rd: AzureToken
azure_login.Rd: AzureToken
call_azure.Rd: AzureToken
utils.Rd: AzureToken
Please provide package anchors for all Rd \link{} targets not in the
package itself and the base packages.
Flavors: r-devel-linux-x86_64-debian-clang, r-devel-linux-x86_64-debian-gcc, r-devel-windows-x86_64