Last updated on 2025-02-06 07:50:30 CET.
Flavor | Version | Tinstall | Tcheck | Ttotal | Status | Flags |
---|---|---|---|---|---|---|
r-devel-linux-x86_64-debian-clang | 1.0.1 | 5.45 | 48.22 | 53.67 | OK | |
r-devel-linux-x86_64-debian-gcc | 1.0.1 | 4.31 | 34.13 | 38.44 | OK | |
r-devel-linux-x86_64-fedora-clang | 1.0.1 | 229.60 | OK | |||
r-devel-linux-x86_64-fedora-gcc | 1.0.1 | 92.54 | OK | |||
r-devel-windows-x86_64 | 1.0.1 | 7.00 | 68.00 | 75.00 | OK | |
r-patched-linux-x86_64 | 1.0.1 | 5.70 | 0.02 | 5.72 | FAIL | |
r-release-linux-x86_64 | 1.0.1 | 5.52 | 53.62 | 59.14 | OK | |
r-release-macos-arm64 | 1.0.1 | 36.00 | OK | |||
r-release-macos-x86_64 | 1.0.1 | 58.00 | OK | |||
r-release-windows-x86_64 | 1.0.1 | 7.00 | 69.00 | 76.00 | OK | |
r-oldrel-macos-arm64 | 1.0.1 | 37.00 | OK | |||
r-oldrel-macos-x86_64 | 1.0.1 | 76.00 | OK | |||
r-oldrel-windows-x86_64 | 1.0.1 | 9.00 | 81.00 | 90.00 | OK |
Version: 1.0.1
Check: tests
Result: FAIL
Flavor: r-patched-linux-x86_64