Last updated on 2024-05-09 07:56:38 CEST.
Flavor | Version | Tinstall | Tcheck | Ttotal | Status | Flags |
---|---|---|---|---|---|---|
r-devel-linux-x86_64-debian-clang | 1.0-0 | 16.92 | 122.71 | 139.63 | NOTE | |
r-devel-linux-x86_64-debian-gcc | 1.0-0 | 9.90 | 89.48 | 99.38 | NOTE | |
r-devel-linux-x86_64-fedora-clang | 1.0-0 | 171.49 | NOTE | |||
r-devel-linux-x86_64-fedora-gcc | 1.0-0 | 170.83 | NOTE | |||
r-devel-windows-x86_64 | 1.0-0 | 14.00 | 112.00 | 126.00 | NOTE | |
r-patched-linux-x86_64 | 1.0-0 | 14.04 | 119.64 | 133.68 | NOTE | |
r-release-linux-x86_64 | 1.0-0 | 10.35 | 115.91 | 126.26 | NOTE | |
r-release-macos-arm64 | 1.0-0 | 46.00 | NOTE | |||
r-release-windows-x86_64 | 1.0-0 | 13.00 | 115.00 | 128.00 | NOTE | |
r-oldrel-macos-arm64 | 1.0-0 | 42.00 | NOTE | |||
r-oldrel-macos-x86_64 | 1.0-0 | 65.00 | NOTE | |||
r-oldrel-windows-x86_64 | 1.0-0 | 17.00 | 137.00 | 154.00 | NOTE |
Version: 1.0-0
Check: Rd files
Result: NOTE
checkRd: (-1) PV_post_triang_3.Rd:7: Escaped LaTeX specials: \_ \_
checkRd: (-1) PV_post_triang_3.Rd:22: Escaped LaTeX specials: \_ \_
checkRd: (-1) PV_pre_triang_3.Rd:7: Escaped LaTeX specials: \_ \_
checkRd: (-1) PV_pre_triang_3.Rd:22: Escaped LaTeX specials: \_ \_
Flavors: r-devel-linux-x86_64-debian-clang, r-devel-linux-x86_64-debian-gcc, r-devel-linux-x86_64-fedora-clang, r-devel-linux-x86_64-fedora-gcc, r-devel-windows-x86_64, r-patched-linux-x86_64, r-release-linux-x86_64, r-release-macos-arm64, r-release-windows-x86_64, r-oldrel-macos-arm64, r-oldrel-macos-x86_64, r-oldrel-windows-x86_64