Last updated on 2025-05-09 07:50:49 CEST.
Flavor | Version | Tinstall | Tcheck | Ttotal | Status | Flags |
---|---|---|---|---|---|---|
r-devel-linux-x86_64-debian-clang | 0.1 | 1.32 | 15.94 | 17.26 | NOTE | |
r-devel-linux-x86_64-debian-gcc | 0.1 | 1.20 | 13.26 | 14.46 | NOTE | |
r-devel-linux-x86_64-fedora-clang | 0.1 | 27.77 | OK | |||
r-devel-linux-x86_64-fedora-gcc | 0.1 | 26.04 | OK | |||
r-devel-windows-x86_64 | 0.1 | 3.00 | 34.00 | 37.00 | OK | |
r-patched-linux-x86_64 | 0.1 | 1.47 | 15.44 | 16.91 | OK | |
r-release-linux-x86_64 | 0.1 | 1.34 | 15.49 | 16.83 | OK | |
r-release-macos-arm64 | 0.1 | 14.00 | OK | |||
r-release-macos-x86_64 | 0.1 | 22.00 | OK | |||
r-release-windows-x86_64 | 0.1 | 3.00 | 34.00 | 37.00 | OK | |
r-oldrel-macos-arm64 | 0.1 | 19.00 | OK | |||
r-oldrel-macos-x86_64 | 0.1 | 18.00 | OK | |||
r-oldrel-windows-x86_64 | 0.1 | 2.00 | 34.00 | 36.00 | OK |
Version: 0.1
Check: CRAN incoming feasibility
Result: NOTE
Maintainer: ‘Felipe Tumenas Marques <tumenas@gmail.com>’
No Authors@R field in DESCRIPTION.
Please add one, modifying
Authors@R: c(person(given = "Monica",
family = "Serra",
role = "aut",
email = "monicaserra.bio04@gmail.com"),
person(given = c("Felipe", "Tumenas"),
family = "Marques",
role = c("aut", "cre"),
email = "tumenas@gmail.com"))
as necessary.
Flavors: r-devel-linux-x86_64-debian-clang, r-devel-linux-x86_64-debian-gcc