Last updated on 2024-07-26 07:51:37 CEST.
Flavor | Version | Tinstall | Tcheck | Ttotal | Status | Flags |
---|---|---|---|---|---|---|
r-devel-linux-x86_64-debian-clang | 1.8.2 | 44.03 | 91.95 | 135.98 | OK | |
r-devel-linux-x86_64-debian-gcc | 1.8.2 | 30.79 | 67.24 | 98.03 | NOTE | |
r-devel-linux-x86_64-fedora-clang | 1.8.2 | 174.83 | OK | |||
r-devel-linux-x86_64-fedora-gcc | 1.8.2 | 200.19 | OK | |||
r-devel-windows-x86_64 | 1.8.2 | 38.00 | 101.00 | 139.00 | NOTE | |
r-patched-linux-x86_64 | 1.8.2 | OK | ||||
r-release-linux-x86_64 | 1.8.2 | 39.95 | 86.23 | 126.18 | OK | |
r-release-macos-arm64 | 1.8.2 | 81.00 | NOTE | |||
r-release-macos-x86_64 | 1.8.2 | 80.00 | NOTE | |||
r-release-windows-x86_64 | 1.8.2 | 40.00 | 100.00 | 140.00 | OK | |
r-oldrel-macos-arm64 | 1.8.2 | 91.00 | NOTE | |||
r-oldrel-macos-x86_64 | 1.8.2 | 215.00 | NOTE | |||
r-oldrel-windows-x86_64 | 1.8.2 | 45.00 | 116.00 | 161.00 | OK |
Version: 1.8.2
Check: Rd cross-references
Result: NOTE
Found the following Rd file(s) with Rd \link{} targets missing package
anchors:
write.amelia.Rd: write.dta
Please provide package anchors for all Rd \link{} targets not in the
package itself and the base packages.
Flavors: r-devel-linux-x86_64-debian-gcc, r-devel-windows-x86_64
Version: 1.8.2
Check: installed package size
Result: NOTE
installed size is 5.7Mb
sub-directories of 1Mb or more:
doc 1.4Mb
libs 3.6Mb
Flavors: r-release-macos-arm64, r-release-macos-x86_64, r-oldrel-macos-arm64, r-oldrel-macos-x86_64