Last updated on 2025-10-31 07:51:39 CET.
| Flavor | Version | Tinstall | Tcheck | Ttotal | Status | Flags | 
|---|---|---|---|---|---|---|
| r-devel-linux-x86_64-debian-clang | 0.8.1 | 18.31 | 112.64 | 130.95 | NOTE | |
| r-devel-linux-x86_64-debian-gcc | 0.8.1 | 11.45 | 73.23 | 84.68 | NOTE | |
| r-devel-linux-x86_64-fedora-clang | 0.8.1 | 54.00 | 152.22 | 206.22 | NOTE | |
| r-devel-linux-x86_64-fedora-gcc | 0.8.1 | 62.00 | 157.04 | 219.04 | NOTE | |
| r-devel-windows-x86_64 | 0.8.1 | 18.00 | 124.00 | 142.00 | NOTE | |
| r-patched-linux-x86_64 | 0.8.1 | 20.56 | 104.36 | 124.92 | NOTE | |
| r-release-linux-x86_64 | 0.8.1 | 20.12 | 102.82 | 122.94 | NOTE | |
| r-release-macos-arm64 | 0.8.1 | 9.00 | 63.00 | 72.00 | NOTE | |
| r-release-macos-x86_64 | 0.8.1 | 17.00 | 144.00 | 161.00 | NOTE | |
| r-release-windows-x86_64 | 0.8.1 | 20.00 | 116.00 | 136.00 | NOTE | |
| r-oldrel-macos-arm64 | 0.8.1 | 9.00 | 51.00 | 60.00 | NOTE | |
| r-oldrel-macos-x86_64 | 0.8.1 | 13.00 | 112.00 | 125.00 | NOTE | |
| r-oldrel-windows-x86_64 | 0.8.1 | 26.00 | 145.00 | 171.00 | NOTE | 
Version: 0.8.1
Check: CRAN incoming feasibility
Result: NOTE
  Maintainer: ‘Dan Dediu <ddediu@gmail.com>’
  
  Package CITATION file contains call(s) to old-style personList() or
  as.personList().  Please use c() on person objects instead.
  Package CITATION file contains call(s) to old-style citEntry().  Please
  use bibentry() instead.
Flavors: r-devel-linux-x86_64-debian-clang, r-devel-linux-x86_64-debian-gcc
Version: 0.8.1
Check: Rd files
Result: NOTE
  checkRd: (-1) med.groups.Rd:20: Lost braces; missing escapes or markup?
      20 | medication groups using the construction \emph{"{NAME}"}.
         |                                                 ^
  checkRd: (-1) med.groups.Rd:26: Lost braces; missing escapes or markup?
      26 | Another example is "NotVita" defined as "(!{Vitamines})", which selects all
         |                                            ^
Flavors: r-devel-linux-x86_64-debian-clang, r-devel-linux-x86_64-debian-gcc, r-devel-linux-x86_64-fedora-clang, r-devel-linux-x86_64-fedora-gcc, r-devel-windows-x86_64, r-patched-linux-x86_64, r-release-linux-x86_64, r-release-macos-arm64, r-release-macos-x86_64, r-release-windows-x86_64, r-oldrel-macos-arm64, r-oldrel-macos-x86_64, r-oldrel-windows-x86_64
Version: 0.8.1
Check: installed package size
Result: NOTE
    installed size is  6.2Mb
    sub-directories of 1Mb or more:
      doc   3.7Mb
Flavors: r-oldrel-macos-arm64, r-oldrel-macos-x86_64, r-oldrel-windows-x86_64