CRAN Package Check Results for Package ATAforecasting

Last updated on 2025-01-16 07:50:11 CET.

Flavor Version Tinstall Tcheck Ttotal Status Flags
r-devel-linux-x86_64-debian-clang 0.0.60 50.55 152.71 203.26 NOTE
r-devel-linux-x86_64-debian-gcc 0.0.60 33.33 104.29 137.62 NOTE
r-devel-linux-x86_64-fedora-clang 0.0.60 333.90 OK
r-devel-linux-x86_64-fedora-gcc 0.0.60 307.14 OK
r-devel-windows-x86_64 0.0.60 46.00 187.00 233.00 NOTE
r-patched-linux-x86_64 0.0.60 48.93 141.43 190.36 OK
r-release-linux-x86_64 0.0.60 43.34 140.47 183.81 OK
r-release-macos-arm64 0.0.60 74.00 OK
r-release-macos-x86_64 0.0.60 122.00 OK
r-release-windows-x86_64 0.0.60 46.00 174.00 220.00 OK
r-oldrel-macos-arm64 0.0.60 78.00 OK
r-oldrel-macos-x86_64 0.0.60 208.00 OK
r-oldrel-windows-x86_64 0.0.60 54.00 210.00 264.00 OK

Check Details

Version: 0.0.60
Check: Rd cross-references
Result: NOTE Found the following Rd file(s) with Rd \link{} targets missing package anchors: ATA.BoxCoxAttr.Rd: BoxCox, InvBoxCox, BoxCox.lambda ATA.Decomposition.Rd: stlplus Please provide package anchors for all Rd \link{} targets not in the package itself and the base packages. Flavors: r-devel-linux-x86_64-debian-clang, r-devel-linux-x86_64-debian-gcc, r-devel-windows-x86_64