Last updated on 2024-07-26 07:51:37 CEST.
Flavor | Version | Tinstall | Tcheck | Ttotal | Status | Flags |
---|---|---|---|---|---|---|
r-devel-linux-x86_64-debian-clang | 1.2.0 | 66.85 | 288.77 | 355.62 | OK | |
r-devel-linux-x86_64-debian-gcc | 1.2.0 | 49.27 | 211.49 | 260.76 | OK | |
r-devel-linux-x86_64-fedora-clang | 1.2.0 | 532.59 | OK | |||
r-devel-linux-x86_64-fedora-gcc | 1.2.0 | 493.57 | OK | |||
r-devel-windows-x86_64 | 1.2.0 | 51.00 | 242.00 | 293.00 | OK | |
r-patched-linux-x86_64 | 1.2.0 | OK | ||||
r-release-linux-x86_64 | 1.2.0 | 45.90 | 276.61 | 322.51 | OK | |
r-release-macos-arm64 | 1.2.0 | 131.00 | NOTE | |||
r-release-macos-x86_64 | 1.2.0 | 227.00 | NOTE | |||
r-release-windows-x86_64 | 1.2.0 | 72.00 | 232.00 | 304.00 | OK | |
r-oldrel-macos-arm64 | 1.2.0 | 146.00 | NOTE | |||
r-oldrel-macos-x86_64 | 1.2.0 | 316.00 | NOTE | |||
r-oldrel-windows-x86_64 | 1.2.0 | 68.00 | 302.00 | 370.00 | OK |
Version: 1.2.0
Check: installed package size
Result: NOTE
installed size is 5.2Mb
sub-directories of 1Mb or more:
help 1.1Mb
libs 3.0Mb
Flavors: r-release-macos-arm64, r-release-macos-x86_64, r-oldrel-macos-arm64, r-oldrel-macos-x86_64