Last updated on 2025-06-30 07:49:14 CEST.
Flavor | Version | Tinstall | Tcheck | Ttotal | Status | Flags |
---|---|---|---|---|---|---|
r-devel-linux-x86_64-debian-clang | 1.0.8 | 13.61 | 234.40 | 248.01 | OK | |
r-devel-linux-x86_64-debian-gcc | 1.0.8 | 8.96 | 166.51 | 175.47 | OK | |
r-devel-linux-x86_64-fedora-clang | 1.0.8 | 410.27 | OK | |||
r-devel-linux-x86_64-fedora-gcc | 1.0.8 | 373.02 | OK | |||
r-devel-windows-x86_64 | 1.0.8 | 15.00 | 202.00 | 217.00 | OK | |
r-patched-linux-x86_64 | OK | |||||
r-release-linux-x86_64 | 1.0.8 | 13.24 | 227.43 | 240.67 | OK | |
r-release-macos-arm64 | 1.0.8 | 90.00 | OK | |||
r-release-macos-x86_64 | 1.0.8 | 246.00 | OK | |||
r-release-windows-x86_64 | 1.0.8 | 14.00 | 202.00 | 216.00 | OK | |
r-oldrel-macos-arm64 | 1.0.8 | 98.00 | NOTE | |||
r-oldrel-macos-x86_64 | 1.0.8 | 192.00 | NOTE | |||
r-oldrel-windows-x86_64 | 1.0.8 | 20.00 | 292.00 | 312.00 | NOTE |
Version: 1.0.8
Check: installed package size
Result: NOTE
installed size is 5.9Mb
sub-directories of 1Mb or more:
doc 5.3Mb
Flavors: r-oldrel-macos-arm64, r-oldrel-macos-x86_64, r-oldrel-windows-x86_64