Last updated on 2025-02-17 07:50:27 CET.
Flavor | Version | Tinstall | Tcheck | Ttotal | Status | Flags |
---|---|---|---|---|---|---|
r-devel-linux-x86_64-debian-clang | 0.1.4 | 8.61 | 49.81 | 58.42 | OK | |
r-devel-linux-x86_64-debian-gcc | 0.1.4 | 6.37 | 37.12 | 43.49 | OK | |
r-devel-linux-x86_64-fedora-clang | 0.1.4 | 98.80 | OK | |||
r-devel-linux-x86_64-fedora-gcc | 0.1.4 | 108.74 | OK | |||
r-devel-macos-arm64 | 0.1.4 | 36.00 | OK | |||
r-devel-macos-x86_64 | 0.1.4 | 80.00 | OK | |||
r-devel-windows-x86_64 | 0.1.4 | 11.00 | 68.00 | 79.00 | OK | |
r-patched-linux-x86_64 | 0.1.4 | 9.86 | 46.99 | 56.85 | OK | |
r-release-linux-x86_64 | 0.1.4 | 7.41 | 46.94 | 54.35 | OK | |
r-release-macos-arm64 | 0.1.4 | 35.00 | OK | |||
r-release-macos-x86_64 | 0.1.4 | 50.00 | OK | |||
r-release-windows-x86_64 | 0.1.4 | 11.00 | 76.00 | 87.00 | OK | |
r-oldrel-macos-arm64 | 0.1.4 | 37.00 | OK | |||
r-oldrel-macos-x86_64 | 0.1.4 | 49.00 | NOTE | |||
r-oldrel-windows-x86_64 | 0.1.4 | 14.00 | 100.00 | 114.00 | OK |
Version: 0.1.4
Check: package dependencies
Result: NOTE
Package suggested but not available for checking: ‘AICcmodavg’
Flavor: r-oldrel-macos-x86_64