Last updated on 2024-05-09 07:56:38 CEST.
Flavor | Version | Tinstall | Tcheck | Ttotal | Status | Flags |
---|---|---|---|---|---|---|
r-devel-linux-x86_64-debian-clang | 0.6.3.2 | 6.88 | 73.46 | 80.34 | OK | |
r-devel-linux-x86_64-debian-gcc | 0.6.3.2 | 5.67 | 55.51 | 61.18 | OK | |
r-devel-linux-x86_64-fedora-clang | 0.6.3.2 | 109.06 | NOTE | |||
r-devel-linux-x86_64-fedora-gcc | 0.6.3.2 | 110.91 | NOTE | |||
r-devel-windows-x86_64 | 0.6.3.2 | 7.00 | 75.00 | 82.00 | OK | |
r-patched-linux-x86_64 | 0.6.3.2 | 10.72 | 71.46 | 82.18 | OK | |
r-release-linux-x86_64 | 0.6.3.2 | 4.48 | 71.69 | 76.17 | OK | |
r-release-macos-arm64 | 0.6.3.2 | 36.00 | OK | |||
r-release-windows-x86_64 | 0.6.3.2 | 7.00 | 93.00 | 100.00 | OK | |
r-oldrel-macos-arm64 | 0.6.3.2 | 37.00 | OK | |||
r-oldrel-macos-x86_64 | 0.6.3.2 | 58.00 | OK | |||
r-oldrel-windows-x86_64 | 0.6.3.2 | 8.00 | 84.00 | 92.00 | OK |
Version: 0.6.3.2
Check: dependencies in R code
Result: NOTE
Namespaces in Imports field not imported from:
‘Rsolnp’ ‘SuperLearner’ ‘future.apply’ ‘ggplot2’ ‘progressr’ ‘stats’
‘utils’
All declared Imports should be used.
Flavors: r-devel-linux-x86_64-fedora-clang, r-devel-linux-x86_64-fedora-gcc