Last updated on 2025-02-17 07:50:27 CET.
Flavor | Version | Tinstall | Tcheck | Ttotal | Status | Flags |
---|---|---|---|---|---|---|
r-devel-linux-x86_64-debian-clang | 0.3.6 | 7.70 | 81.73 | 89.43 | OK | |
r-devel-linux-x86_64-debian-gcc | 0.3.6 | 5.55 | 56.87 | 62.42 | OK | |
r-devel-linux-x86_64-fedora-clang | 0.3.6 | 142.11 | NOTE | |||
r-devel-linux-x86_64-fedora-gcc | 0.3.6 | 159.37 | NOTE | |||
r-devel-macos-arm64 | 0.3.6 | 52.00 | OK | |||
r-devel-macos-x86_64 | 0.3.6 | 87.00 | OK | |||
r-devel-windows-x86_64 | 0.3.6 | 12.00 | 99.00 | 111.00 | OK | |
r-patched-linux-x86_64 | 0.3.6 | 8.49 | 75.87 | 84.36 | OK | |
r-release-linux-x86_64 | 0.3.6 | 7.49 | 75.15 | 82.64 | OK | |
r-release-macos-arm64 | 0.3.6 | 51.00 | OK | |||
r-release-macos-x86_64 | 0.3.6 | 94.00 | OK | |||
r-release-windows-x86_64 | 0.3.6 | 10.00 | 111.00 | 121.00 | OK | |
r-oldrel-macos-arm64 | 0.3.6 | 58.00 | OK | |||
r-oldrel-macos-x86_64 | 0.3.6 | 99.00 | OK | |||
r-oldrel-windows-x86_64 | 0.3.6 | 14.00 | 109.00 | 123.00 | OK |
Version: 0.3.6
Check: dependencies in R code
Result: NOTE
Namespaces in Imports field not imported from:
‘mFilter’ ‘regclass’ ‘writexl’
All declared Imports should be used.
Flavors: r-devel-linux-x86_64-fedora-clang, r-devel-linux-x86_64-fedora-gcc