Last updated on 2024-05-02 08:02:04 CEST.
Flavor | Version | Tinstall | Tcheck | Ttotal | Status | Flags |
---|---|---|---|---|---|---|
r-devel-linux-x86_64-debian-clang | 1.2.1 | 17.49 | 156.95 | 174.44 | NOTE | |
r-devel-linux-x86_64-debian-gcc | 1.2.1 | 12.09 | 114.22 | 126.31 | NOTE | |
r-devel-linux-x86_64-fedora-clang | 1.2.1 | 225.48 | NOTE | |||
r-devel-linux-x86_64-fedora-gcc | 1.2.1 | 217.91 | NOTE | |||
r-devel-windows-x86_64 | 1.2.1 | 15.00 | 136.00 | 151.00 | NOTE | |
r-patched-linux-x86_64 | 1.2.1 | 23.23 | 160.15 | 183.38 | NOTE | |
r-release-linux-x86_64 | 1.2.1 | 13.57 | 149.28 | 162.85 | NOTE | |
r-release-macos-arm64 | 1.2.1 | 55.00 | NOTE | |||
r-release-windows-x86_64 | 1.2.1 | 14.00 | 137.00 | 151.00 | NOTE | |
r-oldrel-macos-arm64 | 1.2.1 | 63.00 | OK | |||
r-oldrel-macos-x86_64 | 1.2.1 | 105.00 | OK | |||
r-oldrel-windows-x86_64 | 1.2.1 | 20.00 | 167.00 | 187.00 | OK |
Version: 1.2.1
Check: Rd files
Result: NOTE
checkRd: (-1) glm.cons.Rd:54: Lost braces; missing escapes or markup?
54 | \item{method}{the method used in fitting the model. The default method "\code{glm.fit.cons}" uses function {nnnpls} from package nnls instead of \code{lm.fit} to impose the sign of the coefficients. As in \code{glm}, the alternative method "\code{model.frame}" returns the model frame and does no fitting.}
| ^
Flavors: r-devel-linux-x86_64-debian-clang, r-devel-linux-x86_64-debian-gcc, r-devel-linux-x86_64-fedora-clang, r-devel-linux-x86_64-fedora-gcc, r-devel-windows-x86_64, r-patched-linux-x86_64, r-release-linux-x86_64, r-release-macos-arm64, r-release-windows-x86_64