Last updated on 2024-05-19 07:57:01 CEST.
Flavor | Version | Tinstall | Tcheck | Ttotal | Status | Flags |
---|---|---|---|---|---|---|
r-devel-linux-x86_64-debian-clang | 0.1.4 | 3.30 | 48.54 | 51.84 | NOTE | |
r-devel-linux-x86_64-debian-gcc | 0.1.4 | 3.36 | 36.81 | 40.17 | NOTE | |
r-devel-linux-x86_64-fedora-clang | 0.1.4 | 69.07 | NOTE | |||
r-devel-linux-x86_64-fedora-gcc | 0.1.4 | 95.84 | NOTE | |||
r-devel-windows-x86_64 | 0.1.4 | 5.00 | 63.00 | 68.00 | NOTE | |
r-patched-linux-x86_64 | 0.1.4 | 3.07 | 46.52 | 49.59 | NOTE | |
r-release-linux-x86_64 | 0.1.4 | 4.00 | 45.50 | 49.50 | NOTE | |
r-release-macos-arm64 | 0.1.4 | 31.00 | NOTE | |||
r-release-windows-x86_64 | 0.1.4 | 6.00 | 64.00 | 70.00 | NOTE | |
r-oldrel-macos-arm64 | 0.1.4 | 32.00 | NOTE | |||
r-oldrel-macos-x86_64 | 0.1.4 | 48.00 | NOTE | |||
r-oldrel-windows-x86_64 | 0.1.4 | 5.00 | 67.00 | 72.00 | NOTE |
Version: 0.1.4
Check: LazyData
Result: NOTE
'LazyData' is specified without a 'data' directory
Flavors: r-devel-linux-x86_64-debian-clang, r-devel-linux-x86_64-debian-gcc, r-devel-linux-x86_64-fedora-clang, r-devel-linux-x86_64-fedora-gcc, r-devel-windows-x86_64, r-patched-linux-x86_64, r-release-linux-x86_64, r-release-macos-arm64, r-release-windows-x86_64, r-oldrel-macos-arm64, r-oldrel-macos-x86_64, r-oldrel-windows-x86_64