CRAN Package Check Results for Package survC1

Last updated on 2014-07-30 07:49:49.

Flavor Version Tinstall Tcheck Ttotal Status Flags
r-devel-linux-x86_64-debian-clang 1.0-2 0.95 16.62 17.56 NOTE
r-devel-linux-x86_64-debian-gcc 1.0-2 0.94 16.77 17.70 NOTE
r-devel-linux-x86_64-fedora-clang 1.0-2 36.88 NOTE
r-devel-linux-x86_64-fedora-gcc 1.0-2 34.52 NOTE
r-devel-osx-x86_64-clang 1.0-2 34.42 NOTE
r-devel-windows-ix86+x86_64 1.0-2 6.00 39.00 45.00 NOTE
r-patched-linux-x86_64 1.0-2 0.98 16.86 17.84 NOTE
r-patched-solaris-sparc 1.0-2 187.60 NOTE
r-patched-solaris-x86 1.0-2 45.90 NOTE
r-release-linux-ix86 1.0-2 1.39 23.79 25.18 NOTE
r-release-linux-x86_64 1.0-2 0.96 17.07 18.03 NOTE
r-release-osx-x86_64-mavericks 1.0-2 NOTE
r-release-osx-x86_64-snowleopard 1.0-2 NOTE
r-release-windows-ix86+x86_64 1.0-2 8.00 55.00 63.00 NOTE
r-oldrel-windows-ix86+x86_64 1.0-2 5.00 42.00 47.00 NOTE

Check Details

Version: 1.0-2
Check: dependencies in R code
Result: NOTE
    Package in Depends field not imported from: survival
     These packages need to be imported from (in the NAMESPACE file)
     for when this namespace is loaded but not attached.
    See the information on DESCRIPTION files in the chapter Creating R
    packages of the Writing R Extensions manual.
Flavors: r-devel-linux-x86_64-debian-clang, r-devel-linux-x86_64-debian-gcc, r-devel-linux-x86_64-fedora-clang, r-devel-linux-x86_64-fedora-gcc, r-devel-osx-x86_64-clang, r-devel-windows-ix86+x86_64, r-patched-linux-x86_64, r-patched-solaris-sparc, r-patched-solaris-x86, r-release-linux-ix86, r-release-linux-x86_64, r-release-osx-x86_64-mavericks, r-release-windows-ix86+x86_64, r-oldrel-windows-ix86+x86_64

Version: 1.0-2
Check: Rd files
Result: NOTE
    prepare_Rd: Est.Cval.Rd:21-23: Dropping empty section \details
    prepare_Rd: Est.Cval.Rd:37-39: Dropping empty section \note
    prepare_Rd: Est.Cval.Rd:34-36: Dropping empty section \author
    prepare_Rd: Est.Cval.Rd:31-33: Dropping empty section \references
    prepare_Rd: Est.Cval.Rd:43-45: Dropping empty section \seealso
    prepare_Rd: Est.PH.Rd:18-20: Dropping empty section \details
    prepare_Rd: Est.PH.Rd:33-35: Dropping empty section \note
    prepare_Rd: Est.PH.Rd:30-32: Dropping empty section \author
    prepare_Rd: Est.PH.Rd:27-29: Dropping empty section \references
    prepare_Rd: Est.PH.Rd:39-41: Dropping empty section \seealso
    prepare_Rd: Inf.Cval.Delta.Rd:27-29: Dropping empty section \details
    prepare_Rd: Inf.Cval.Delta.Rd:38-40: Dropping empty section \note
    prepare_Rd: Inf.Cval.Delta.Rd:35-37: Dropping empty section \author
    prepare_Rd: Inf.Cval.Delta.Rd:32-34: Dropping empty section \references
    prepare_Rd: Inf.Cval.Delta.Rd:44-46: Dropping empty section \seealso
    prepare_Rd: Inf.Cval.Rd:24-26: Dropping empty section \details
    prepare_Rd: Inf.Cval.Rd:40-42: Dropping empty section \note
    prepare_Rd: Inf.Cval.Rd:37-39: Dropping empty section \author
    prepare_Rd: Inf.Cval.Rd:34-36: Dropping empty section \references
    prepare_Rd: Inf.Cval.Rd:46-48: Dropping empty section \seealso
    prepare_Rd: VEC2MAT.Rd:19-21: Dropping empty section \details
    prepare_Rd: VEC2MAT.Rd:22-28: Dropping empty section \value
    prepare_Rd: VEC2MAT.Rd:35-37: Dropping empty section \note
    prepare_Rd: VEC2MAT.Rd:32-34: Dropping empty section \author
    prepare_Rd: VEC2MAT.Rd:29-31: Dropping empty section \references
    prepare_Rd: VEC2MAT.Rd:41-43: Dropping empty section \seealso
    prepare_Rd: VEC2MAT.Rd:44-45: Dropping empty section \examples
    prepare_Rd: conc.Rd:22-24: Dropping empty section \details
    prepare_Rd: conc.Rd:25-31: Dropping empty section \value
    prepare_Rd: conc.Rd:38-40: Dropping empty section \note
    prepare_Rd: conc.Rd:35-37: Dropping empty section \author
    prepare_Rd: conc.Rd:32-34: Dropping empty section \references
    prepare_Rd: conc.Rd:44-46: Dropping empty section \seealso
    prepare_Rd: conc.Rd:47-49: Dropping empty section \examples
    prepare_Rd: cvC.Rd:24-26: Dropping empty section \details
    prepare_Rd: cvC.Rd:27-31: Dropping empty section \value
    prepare_Rd: cvC.Rd:38-40: Dropping empty section \note
    prepare_Rd: cvC.Rd:35-37: Dropping empty section \author
    prepare_Rd: cvC.Rd:32-34: Dropping empty section \references
    prepare_Rd: kmcens.Rd:22-24: Dropping empty section \details
    prepare_Rd: kmcens.Rd:25-31: Dropping empty section \value
    prepare_Rd: kmcens.Rd:38-40: Dropping empty section \note
    prepare_Rd: kmcens.Rd:35-37: Dropping empty section \author
    prepare_Rd: kmcens.Rd:32-34: Dropping empty section \references
    prepare_Rd: kmcens.Rd:44-46: Dropping empty section \seealso
    prepare_Rd: kmcens.Rd:47-49: Dropping empty section \examples
    prepare_Rd: unoCW.Rd:31-33: Dropping empty section \details
    prepare_Rd: unoCW.Rd:34-40: Dropping empty section \value
    prepare_Rd: unoCW.Rd:47-49: Dropping empty section \note
    prepare_Rd: unoCW.Rd:44-46: Dropping empty section \author
    prepare_Rd: unoCW.Rd:41-43: Dropping empty section \references
    prepare_Rd: unoCW.Rd:53-55: Dropping empty section \seealso
    prepare_Rd: unoCW.Rd:56-57: Dropping empty section \examples
    prepare_Rd: unoU2P.Rd:18-20: Dropping empty section \details
    prepare_Rd: unoU2P.Rd:21-27: Dropping empty section \value
    prepare_Rd: unoU2P.Rd:34-36: Dropping empty section \note
    prepare_Rd: unoU2P.Rd:31-33: Dropping empty section \author
    prepare_Rd: unoU2P.Rd:28-30: Dropping empty section \references
    prepare_Rd: unoU2P.Rd:40-42: Dropping empty section \seealso
    prepare_Rd: unoU2P.Rd:43-44: Dropping empty section \examples
Flavors: r-devel-linux-x86_64-debian-clang, r-devel-linux-x86_64-debian-gcc, r-devel-linux-x86_64-fedora-clang, r-devel-linux-x86_64-fedora-gcc, r-devel-osx-x86_64-clang, r-devel-windows-ix86+x86_64, r-patched-linux-x86_64, r-patched-solaris-sparc, r-patched-solaris-x86, r-release-linux-ix86, r-release-linux-x86_64, r-release-osx-x86_64-mavericks, r-release-osx-x86_64-snowleopard, r-release-windows-ix86+x86_64, r-oldrel-windows-ix86+x86_64