Last updated on 2024-05-13 07:50:18 CEST.
Flavor | Version | Tinstall | Tcheck | Ttotal | Status | Flags |
---|---|---|---|---|---|---|
r-devel-linux-x86_64-debian-clang | 0.2.6.2 | 40.84 | 297.28 | 338.12 | NOTE | |
r-devel-linux-x86_64-debian-gcc | 0.2.6.2 | 30.40 | 226.63 | 257.03 | NOTE | |
r-devel-linux-x86_64-fedora-clang | 0.2.6.2 | 451.43 | NOTE | |||
r-devel-linux-x86_64-fedora-gcc | 0.2.6.2 | 563.94 | NOTE | |||
r-devel-windows-x86_64 | 0.2.6.2 | 33.00 | 336.00 | 369.00 | NOTE | |
r-patched-linux-x86_64 | 0.2.6.2 | 41.08 | 323.85 | 364.93 | NOTE | |
r-release-linux-x86_64 | 0.2.6.2 | 40.64 | 326.84 | 367.48 | NOTE | |
r-release-macos-arm64 | 0.2.6.2 | 114.00 | NOTE | |||
r-release-windows-x86_64 | 0.2.6.2 | 33.00 | 332.00 | 365.00 | NOTE | |
r-oldrel-macos-arm64 | 0.2.6.2 | 143.00 | NOTE | |||
r-oldrel-macos-x86_64 | 0.2.6.2 | 262.00 | NOTE | |||
r-oldrel-windows-x86_64 | 0.2.6.2 | 34.00 | 491.00 | 525.00 | NOTE |
Version: 0.2.6.2
Check: C++ specification
Result: NOTE
Specified C++11: please drop specification unless essential
Flavors: r-devel-linux-x86_64-debian-clang, r-devel-linux-x86_64-debian-gcc, r-devel-linux-x86_64-fedora-clang, r-devel-linux-x86_64-fedora-gcc, r-devel-windows-x86_64, r-patched-linux-x86_64, r-release-linux-x86_64, r-release-macos-arm64, r-release-windows-x86_64, r-oldrel-macos-arm64, r-oldrel-macos-x86_64, r-oldrel-windows-x86_64
Version: 0.2.6.2
Check: Rd files
Result: NOTE
checkRd: (-1) plot.supc.Rd:13: Lost braces in \itemize; meant \describe ?
Flavors: r-devel-linux-x86_64-debian-clang, r-devel-linux-x86_64-debian-gcc, r-devel-linux-x86_64-fedora-clang, r-devel-linux-x86_64-fedora-gcc, r-devel-windows-x86_64, r-patched-linux-x86_64, r-release-linux-x86_64, r-release-macos-arm64, r-release-windows-x86_64