Last updated on 2024-05-21 07:53:22 CEST.
Flavor | Version | Tinstall | Tcheck | Ttotal | Status | Flags |
---|---|---|---|---|---|---|
r-devel-linux-x86_64-debian-clang | 2.1.8 | 4.02 | 55.07 | 59.09 | NOTE | |
r-devel-linux-x86_64-debian-gcc | 2.1.8 | 2.84 | 40.80 | 43.64 | NOTE | |
r-devel-linux-x86_64-fedora-clang | 2.1.8 | 72.23 | NOTE | |||
r-devel-linux-x86_64-fedora-gcc | 2.1.8 | 80.02 | NOTE | |||
r-devel-windows-x86_64 | 2.1.8 | 5.00 | 67.00 | 72.00 | NOTE | |
r-patched-linux-x86_64 | 2.1.8 | 2.61 | 52.73 | 55.34 | NOTE | |
r-release-linux-x86_64 | 2.1.8 | 2.58 | 52.72 | 55.30 | NOTE | |
r-release-macos-arm64 | 2.1.8 | 33.00 | NOTE | |||
r-release-windows-x86_64 | 2.1.8 | 5.00 | 69.00 | 74.00 | NOTE | |
r-oldrel-macos-arm64 | 2.1.8 | 33.00 | OK | |||
r-oldrel-macos-x86_64 | 2.1.8 | 45.00 | OK | |||
r-oldrel-windows-x86_64 | 2.1.8 | 6.00 | 73.00 | 79.00 | OK |
Version: 2.1.8
Check: Rd files
Result: NOTE
checkRd: (-1) sunburst.Rd:30: Lost braces; missing escapes or markup?
30 | nested d3 JSON hierarchy with `{name:..., children:[];}`. \code{csvdata}
| ^
checkRd: (-1) sunburst.Rd:88: Lost braces; missing escapes or markup?
88 | \item{jsondata}{\code{deprecated} use data argument instead; data in nested d3 JSON hierarchy with `{name:..., children:[];}`}
| ^
checkRd: (-1) sund2b.Rd:22: Lost braces; missing escapes or markup?
22 | nested d3 JSON hierarchy with `{name:..., children:[];}`. \code{list}, \code{character},
| ^
Flavors: r-devel-linux-x86_64-debian-clang, r-devel-linux-x86_64-debian-gcc, r-devel-linux-x86_64-fedora-clang, r-devel-linux-x86_64-fedora-gcc, r-devel-windows-x86_64, r-patched-linux-x86_64, r-release-linux-x86_64, r-release-macos-arm64, r-release-windows-x86_64