Last updated on 2024-05-13 07:50:18 CEST.
Flavor | Version | Tinstall | Tcheck | Ttotal | Status | Flags |
---|---|---|---|---|---|---|
r-devel-linux-x86_64-debian-clang | 1.1.2 | 15.69 | 159.96 | 175.65 | OK | |
r-devel-linux-x86_64-debian-gcc | 1.1.2 | 13.14 | 114.70 | 127.84 | OK | |
r-devel-linux-x86_64-fedora-clang | 1.1.2 | 222.02 | NOTE | |||
r-devel-linux-x86_64-fedora-gcc | 1.1.2 | 233.57 | OK | |||
r-devel-windows-x86_64 | 1.1.2 | 14.00 | 127.00 | 141.00 | NOTE | |
r-patched-linux-x86_64 | 1.1.2 | 12.90 | 149.00 | 161.90 | OK | |
r-release-linux-x86_64 | 1.1.2 | 11.62 | 149.54 | 161.16 | OK | |
r-release-macos-arm64 | 1.1.2 | 67.00 | NOTE | |||
r-release-windows-x86_64 | 1.1.2 | 14.00 | 128.00 | 142.00 | NOTE | |
r-oldrel-macos-arm64 | 1.1.2 | 68.00 | NOTE | |||
r-oldrel-macos-x86_64 | 1.1.2 | 107.00 | NOTE | |||
r-oldrel-windows-x86_64 | 1.1.2 | 20.00 | 166.00 | 186.00 | NOTE |
Version: 1.1.2
Check: installed package size
Result: NOTE
installed size is 6.8Mb
sub-directories of 1Mb or more:
data 6.3Mb
Flavors: r-devel-linux-x86_64-fedora-clang, r-devel-windows-x86_64, r-release-macos-arm64, r-release-windows-x86_64, r-oldrel-macos-arm64, r-oldrel-macos-x86_64, r-oldrel-windows-x86_64