Last updated on 2024-05-26 08:05:25 CEST.
Flavor | Version | Tinstall | Tcheck | Ttotal | Status | Flags |
---|---|---|---|---|---|---|
r-devel-linux-x86_64-debian-clang | 1.4.8 | 3.85 | 38.26 | 42.11 | NOTE | |
r-devel-linux-x86_64-debian-gcc | 1.4.8 | 2.62 | 29.19 | 31.81 | NOTE | |
r-devel-linux-x86_64-fedora-clang | 1.4.8 | 54.64 | NOTE | |||
r-devel-linux-x86_64-fedora-gcc | 1.4.8 | 49.25 | NOTE | |||
r-devel-windows-x86_64 | 1.4.8 | 3.00 | 53.00 | 56.00 | NOTE | |
r-patched-linux-x86_64 | 1.4.8 | 3.84 | 37.40 | 41.24 | NOTE | |
r-release-linux-x86_64 | 1.4.8 | 3.80 | 36.89 | 40.69 | NOTE | |
r-release-macos-arm64 | 1.4.8 | 18.00 | NOTE | |||
r-release-windows-x86_64 | 1.4.8 | 4.00 | 54.00 | 58.00 | NOTE | |
r-oldrel-macos-arm64 | 1.4.8 | 19.00 | NOTE | |||
r-oldrel-macos-x86_64 | 1.4.8 | 29.00 | NOTE | |||
r-oldrel-windows-x86_64 | 1.4.8 | 4.00 | 56.00 | 60.00 | NOTE |
Version: 1.4.8
Check: package subdirectories
Result: NOTE
Problems with news in ‘NEWS.md’:
Cannot extract version info from the following section titles:
Feature Changes
Flavors: r-devel-linux-x86_64-debian-clang, r-devel-linux-x86_64-debian-gcc, r-devel-linux-x86_64-fedora-clang, r-devel-linux-x86_64-fedora-gcc, r-devel-windows-x86_64, r-patched-linux-x86_64, r-release-linux-x86_64, r-release-macos-arm64, r-release-windows-x86_64, r-oldrel-macos-arm64, r-oldrel-macos-x86_64, r-oldrel-windows-x86_64
Version: 1.4.8
Check: Rd cross-references
Result: NOTE
Undeclared packages ‘reshape2’, ‘sampling’, ‘dplyr’ in Rd xrefs
Flavor: r-devel-linux-x86_64-fedora-clang