Last updated on 2024-05-07 07:58:16 CEST.
Flavor | Version | Tinstall | Tcheck | Ttotal | Status | Flags |
---|---|---|---|---|---|---|
r-devel-linux-x86_64-debian-clang | 1.84-6.3 | 4.19 | 37.42 | 41.61 | OK | |
r-devel-linux-x86_64-debian-gcc | 1.84-6.3 | 2.48 | 27.90 | 30.38 | OK | |
r-devel-linux-x86_64-fedora-clang | 1.84-6.3 | 50.60 | OK | |||
r-devel-linux-x86_64-fedora-gcc | 1.84-6.3 | 67.97 | OK | |||
r-devel-windows-x86_64 | 1.84-6.3 | 3.00 | 65.00 | 68.00 | OK | |
r-patched-linux-x86_64 | 1.84-6.3 | 3.31 | 35.79 | 39.10 | OK | |
r-release-linux-x86_64 | 1.84-6.3 | 3.41 | 35.42 | 38.83 | OK | |
r-release-macos-arm64 | 1.84-6.3 | 24.00 | NOTE | |||
r-release-windows-x86_64 | 1.84-6.3 | 5.00 | 62.00 | 67.00 | OK | |
r-oldrel-macos-arm64 | 1.84-6.3 | 51.00 | NOTE | |||
r-oldrel-macos-x86_64 | 1.84-6.3 | 100.00 | NOTE | |||
r-oldrel-windows-x86_64 | 1.84-6.3 | 4.00 | 60.00 | 64.00 | OK |
Version: 1.84-6.3
Check: package dependencies
Result: NOTE
Package suggested but not available for checking: ‘Rmpi’
Flavors: r-release-macos-arm64, r-oldrel-macos-arm64, r-oldrel-macos-x86_64