Last updated on 2024-05-02 08:01:59 CEST.
Flavor | Version | Tinstall | Tcheck | Ttotal | Status | Flags |
---|---|---|---|---|---|---|
r-devel-linux-x86_64-debian-clang | 1.0-5 | 8.33 | 77.93 | 86.26 | NOTE | |
r-devel-linux-x86_64-debian-gcc | 1.0-5 | 7.23 | 57.90 | 65.13 | NOTE | |
r-devel-linux-x86_64-fedora-clang | 1.0-5 | 109.05 | NOTE | |||
r-devel-linux-x86_64-fedora-gcc | 1.0-5 | 106.56 | NOTE | |||
r-devel-windows-x86_64 | 1.0-5 | 10.00 | 80.00 | 90.00 | NOTE | |
r-patched-linux-x86_64 | 1.0-5 | 10.14 | 73.81 | 83.95 | NOTE | |
r-release-linux-x86_64 | 1.0-5 | 9.04 | 74.41 | 83.45 | NOTE | |
r-release-macos-arm64 | 1.0-5 | 36.00 | NOTE | |||
r-release-windows-x86_64 | 1.0-5 | 11.00 | 80.00 | 91.00 | NOTE | |
r-oldrel-macos-arm64 | 1.0-5 | 38.00 | NOTE | |||
r-oldrel-macos-x86_64 | 1.0-5 | 60.00 | NOTE | |||
r-oldrel-windows-x86_64 | 1.0-5 | 14.00 | 94.00 | 108.00 | NOTE |
Version: 1.0-5
Check: Rd files
Result: NOTE
checkRd: (-1) slp-package.Rd:38: Escaped LaTeX specials: \&
Flavors: r-devel-linux-x86_64-debian-clang, r-devel-linux-x86_64-debian-gcc, r-devel-linux-x86_64-fedora-clang, r-devel-linux-x86_64-fedora-gcc, r-devel-windows-x86_64, r-patched-linux-x86_64, r-release-linux-x86_64, r-release-macos-arm64, r-release-windows-x86_64, r-oldrel-macos-arm64, r-oldrel-macos-x86_64, r-oldrel-windows-x86_64
Version: 1.0-5
Check: compiled code
Result: NOTE
File ‘slp/libs/slp.so’:
Found no calls to: ‘R_registerRoutines’, ‘R_useDynamicSymbols’
It is good practice to register native routines and to disable symbol
search.
See ‘Writing portable packages’ in the ‘Writing R Extensions’ manual.
Flavors: r-devel-linux-x86_64-fedora-clang, r-devel-linux-x86_64-fedora-gcc