Last updated on 2024-05-05 07:54:07 CEST.
Flavor | Version | Tinstall | Tcheck | Ttotal | Status | Flags |
---|---|---|---|---|---|---|
r-devel-linux-x86_64-debian-clang | 1.3 | 5.99 | 44.64 | 50.63 | OK | |
r-devel-linux-x86_64-debian-gcc | 1.3 | 5.20 | 31.25 | 36.45 | OK | |
r-devel-linux-x86_64-fedora-clang | 1.3 | 61.80 | NOTE | |||
r-devel-linux-x86_64-fedora-gcc | 1.3 | 59.29 | NOTE | |||
r-devel-windows-x86_64 | 1.3 | 7.00 | 60.00 | 67.00 | OK | |
r-patched-linux-x86_64 | 1.3 | 6.02 | 40.97 | 46.99 | OK | |
r-release-linux-x86_64 | 1.3 | 5.81 | 40.44 | 46.25 | OK | |
r-release-macos-arm64 | 1.3 | 21.00 | OK | |||
r-release-windows-x86_64 | 1.3 | 7.00 | 60.00 | 67.00 | OK | |
r-oldrel-macos-arm64 | 1.3 | 22.00 | OK | |||
r-oldrel-macos-x86_64 | 1.3 | 32.00 | OK | |||
r-oldrel-windows-x86_64 | 1.3 | 9.00 | 68.00 | 77.00 | OK |
Version: 1.3
Check: compiled code
Result: NOTE
File ‘simplexreg/libs/simplexreg.so’:
Found no calls to: ‘R_registerRoutines’, ‘R_useDynamicSymbols’
It is good practice to register native routines and to disable symbol
search.
See ‘Writing portable packages’ in the ‘Writing R Extensions’ manual.
Flavors: r-devel-linux-x86_64-fedora-clang, r-devel-linux-x86_64-fedora-gcc