Last updated on 2024-05-21 07:53:21 CEST.
Flavor | Version | Tinstall | Tcheck | Ttotal | Status | Flags |
---|---|---|---|---|---|---|
r-devel-linux-x86_64-debian-clang | 0.4.2 | 4.65 | 42.24 | 46.89 | NOTE | |
r-devel-linux-x86_64-debian-gcc | 0.4.2 | 3.84 | 31.62 | 35.46 | NOTE | |
r-devel-linux-x86_64-fedora-clang | 0.4.2 | 58.41 | NOTE | |||
r-devel-linux-x86_64-fedora-gcc | 0.4.2 | 54.89 | NOTE | |||
r-devel-windows-x86_64 | 0.4.2 | 6.00 | 57.00 | 63.00 | NOTE | |
r-patched-linux-x86_64 | 0.4.2 | 5.11 | 39.92 | 45.03 | NOTE | |
r-release-linux-x86_64 | 0.4.2 | 3.98 | 40.37 | 44.35 | NOTE | |
r-release-macos-arm64 | 0.4.2 | 21.00 | NOTE | |||
r-release-windows-x86_64 | 0.4.2 | 5.00 | 56.00 | 61.00 | NOTE | |
r-oldrel-macos-arm64 | 0.4.2 | 24.00 | OK | |||
r-oldrel-macos-x86_64 | 0.4.2 | 30.00 | OK | |||
r-oldrel-windows-x86_64 | 0.4.2 | 7.00 | 99.00 | 106.00 | OK |
Version: 0.4.2
Check: Rd files
Result: NOTE
checkRd: (-1) js_calls.Rd:63: Lost braces in \itemize; meant \describe ?
checkRd: (-1) js_calls.Rd:64: Lost braces in \itemize; meant \describe ?
checkRd: (-1) js_calls.Rd:65-66: Lost braces in \itemize; meant \describe ?
checkRd: (-1) js_calls.Rd:67: Lost braces in \itemize; meant \describe ?
checkRd: (-1) js_calls.Rd:68: Lost braces in \itemize; meant \describe ?
checkRd: (-1) js_calls.Rd:69: Lost braces in \itemize; meant \describe ?
checkRd: (-1) pickCheckboxNamesAndLabels.Rd:14: Lost braces
14 | \item{choices}{link{pickCheckboxInput} choices list.}
| ^
Flavors: r-devel-linux-x86_64-debian-clang, r-devel-linux-x86_64-debian-gcc, r-devel-linux-x86_64-fedora-clang, r-devel-linux-x86_64-fedora-gcc, r-devel-windows-x86_64, r-patched-linux-x86_64, r-release-linux-x86_64, r-release-macos-arm64, r-release-windows-x86_64