Last updated on 2024-05-04 07:53:05 CEST.
Flavor | Version | Tinstall | Tcheck | Ttotal | Status | Flags |
---|---|---|---|---|---|---|
r-devel-linux-x86_64-debian-clang | 1.2.6 | 511.72 | 317.32 | 829.04 | OK | |
r-devel-linux-x86_64-debian-gcc | 1.2.6 | 378.24 | 240.20 | 618.44 | OK | |
r-devel-linux-x86_64-fedora-clang | 1.2.6 | 1204.19 | NOTE | |||
r-devel-linux-x86_64-fedora-gcc | 1.2.6 | 1180.49 | OK | |||
r-devel-windows-x86_64 | 1.2.6 | 364.00 | 335.00 | 699.00 | NOTE | |
r-patched-linux-x86_64 | 1.2.6 | 357.54 | 290.39 | 647.93 | OK | |
r-release-linux-x86_64 | 1.2.6 | 353.78 | 314.24 | 668.02 | OK | |
r-release-macos-arm64 | 1.2.6 | 232.00 | NOTE | |||
r-release-windows-x86_64 | 1.2.6 | 364.00 | 335.00 | 699.00 | NOTE | |
r-oldrel-macos-arm64 | 1.2.6 | 205.00 | NOTE | |||
r-oldrel-macos-x86_64 | 1.2.6 | 415.00 | NOTE | |||
r-oldrel-windows-x86_64 | 1.2.6 | 457.00 | 364.00 | 821.00 | NOTE |
Version: 1.2.6
Check: installed package size
Result: NOTE
installed size is 8.1Mb
sub-directories of 1Mb or more:
doc 6.4Mb
Flavors: r-devel-linux-x86_64-fedora-clang, r-devel-windows-x86_64, r-release-macos-arm64, r-release-windows-x86_64, r-oldrel-macos-arm64, r-oldrel-macos-x86_64, r-oldrel-windows-x86_64