CRAN Package Check Results for Package schwartz97

Last updated on 2014-11-24 05:47:42.

Flavor Version Tinstall Tcheck Ttotal Status Flags
r-devel-linux-x86_64-debian-clang 0.0.6 1.33 57.39 58.72 OK
r-devel-linux-x86_64-debian-gcc 0.0.6 1.30 56.81 58.11 OK
r-devel-linux-x86_64-fedora-clang 0.0.6 125.58 OK
r-devel-linux-x86_64-fedora-gcc 0.0.6 123.40 OK
r-devel-osx-x86_64-clang 0.0.6 111.32 OK
r-devel-windows-ix86+x86_64 0.0.6 24.00 108.00 132.00 OK
r-patched-linux-x86_64 0.0.6 1.37 58.40 59.77 OK
r-patched-solaris-sparc 0.0.6 904.30 OK
r-patched-solaris-x86 0.0.6 190.50 OK
r-release-linux-ix86 0.0.6 1.78 75.65 77.43 OK
r-release-linux-x86_64 0.0.6 1.42 58.00 59.42 OK
r-release-osx-x86_64-mavericks 0.0.6 NOTE
r-release-osx-x86_64-snowleopard 0.0.6 OK
r-release-windows-ix86+x86_64 0.0.6 24.00 102.00 126.00 OK
r-oldrel-windows-ix86+x86_64 0.0.6 29.00 94.00 123.00 OK

Check Details

Version: 0.0.6
Check: re-building of vignette outputs
Result: NOTE
    Error in re-building vignettes:
     ...
    Error in texi2dvi(file = file, pdf = TRUE, clean = clean, quiet = quiet, :
     Running 'texi2dvi' on 'TechnicalDocument.tex' failed.
    LaTeX errors:
    ! LaTeX Error: File `a4wide.sty' not found.
    
    Type X to quit or <RETURN> to proceed,
    or enter new name. (Default extension: sty)
    
    ign_test/schwartz97/vignettes/TechnicalDocument.tex:8: ==> Fatal error occurre
    d, no output PDF file produced!
    Calls: buildVignettes -> texi2pdf -> texi2dvi
    Execution halted
Flavor: r-release-osx-x86_64-mavericks