CRAN Package Check Results for Package schwartz97

Last updated on 2014-04-24 07:52:37.

Flavor Version Tinstall Tcheck Ttotal Status Flags
r-devel-linux-x86_64-debian-clang 0.0.6 1.51 58.38 59.90 OK
r-devel-linux-x86_64-debian-gcc 0.0.6 1.66 57.31 58.97 OK
r-devel-linux-x86_64-fedora-clang 0.0.6 132.40 OK
r-devel-linux-x86_64-fedora-gcc 0.0.6 130.24 OK
r-devel-osx-x86_64-clang 0.0.6 112.56 OK
r-devel-osx-x86_64-gcc 0.0.6 OK
r-devel-windows-ix86+x86_64 0.0.6 24.00 105.00 129.00 OK
r-patched-linux-x86_64 0.0.6 1.48 57.67 59.15 OK
r-patched-solaris-sparc 0.0.6 900.30 OK
r-patched-solaris-x86 0.0.6 191.70 OK
r-release-linux-ix86 0.0.6 3.00 109.00 112.00 OK
r-release-linux-x86_64 0.0.6 1.51 57.58 59.09 OK
r-release-osx-x86_64-mavericks 0.0.6 WARN
r-release-osx-x86_64-snowleopard 0.0.6 OK
r-release-windows-ix86+x86_64 0.0.6 30.00 97.00 127.00 OK
r-oldrel-windows-ix86+x86_64 0.0.6 28.00 90.00 118.00 OK

Check Details

Version: 0.0.6
Check: re-building of vignette outputs
Result: NOTE
    Error in re-building vignettes:
     ...
    Error in texi2dvi(file = file, pdf = TRUE, clean = clean, quiet = quiet, :
     Running 'texi2dvi' on 'TechnicalDocument.tex' failed.
    LaTeX errors:
    ! LaTeX Error: File `a4wide.sty' not found.
    
    Type X to quit or <RETURN> to proceed,
    or enter new name. (Default extension: sty)
    
    ign_test/schwartz97/vignettes/TechnicalDocument.tex:8: ==> Fatal error occurre
    d, no output PDF file produced!
    Calls: buildVignettes -> texi2pdf -> texi2dvi
    Execution halted
Flavor: r-release-osx-x86_64-mavericks

Version: 0.0.6
Check: PDF version of manual
Result: WARNING
    LaTeX errors when creating PDF version.
    This typically indicates Rd problems.
    LaTeX errors found:
    ! LaTeX Error: File `upquote.sty' not found.
    
    Type X to quit or <RETURN> to proceed,
    or enter new name. (Default extension: sty)
    
    122a31/Rd2.tex:8: ==> Fatal error occurred, no output PDF file produced!
Flavor: r-release-osx-x86_64-mavericks