Last updated on 2024-05-21 07:53:20 CEST.
Flavor | Version | Tinstall | Tcheck | Ttotal | Status | Flags |
---|---|---|---|---|---|---|
r-devel-linux-x86_64-debian-clang | 1.0 | 22.16 | 182.53 | 204.69 | NOTE | |
r-devel-linux-x86_64-debian-gcc | 1.0 | 16.11 | 130.52 | 146.63 | NOTE | |
r-devel-linux-x86_64-fedora-clang | 1.0 | 259.75 | NOTE | |||
r-devel-linux-x86_64-fedora-gcc | 1.0 | 241.81 | NOTE | |||
r-devel-windows-x86_64 | 1.0 | 20.00 | 141.00 | 161.00 | OK | |
r-patched-linux-x86_64 | 1.0 | 18.94 | 172.22 | 191.16 | NOTE | |
r-release-linux-x86_64 | 1.0 | 18.83 | 168.52 | 187.35 | NOTE | |
r-release-macos-arm64 | 1.0 | 64.00 | OK | |||
r-release-macos-x86_64 | 1.0 | 129.00 | OK | |||
r-release-windows-x86_64 | 1.0 | 17.00 | 144.00 | 161.00 | OK | |
r-oldrel-macos-arm64 | 1.0 | 76.00 | OK | |||
r-oldrel-macos-x86_64 | 1.0 | 114.00 | OK | |||
r-oldrel-windows-x86_64 | 1.0 | 24.00 | 163.00 | 187.00 | OK |
Version: 1.0
Check: for non-standard things in the check directory
Result: NOTE
Found the following files/directories:
‘untitled_consensus_cluster’
Flavors: r-devel-linux-x86_64-debian-clang, r-devel-linux-x86_64-debian-gcc, r-devel-linux-x86_64-fedora-clang, r-devel-linux-x86_64-fedora-gcc, r-patched-linux-x86_64, r-release-linux-x86_64