Last updated on 2024-05-04 07:53:02 CEST.
Flavor | Version | Tinstall | Tcheck | Ttotal | Status | Flags |
---|---|---|---|---|---|---|
r-devel-linux-x86_64-debian-clang | 1.0.1 | 3.26 | 75.36 | 78.62 | OK | |
r-devel-linux-x86_64-debian-gcc | 1.0.1 | 2.75 | 55.82 | 58.57 | OK | |
r-devel-linux-x86_64-fedora-clang | 1.0.1 | 99.22 | OK | |||
r-devel-linux-x86_64-fedora-gcc | 1.0.1 | 106.96 | OK | |||
r-devel-windows-x86_64 | 1.0.1 | 5.00 | 84.00 | 89.00 | OK | |
r-patched-linux-x86_64 | 1.0.1 | 3.68 | 72.20 | 75.88 | OK | |
r-release-linux-x86_64 | 1.0.1 | 2.70 | 73.00 | 75.70 | OK | |
r-release-macos-arm64 | 1.0.1 | 47.00 | ERROR | |||
r-release-windows-x86_64 | 1.0.1 | 5.00 | 86.00 | 91.00 | ERROR | |
r-oldrel-macos-arm64 | 1.0.1 | 48.00 | OK | |||
r-oldrel-macos-x86_64 | 1.0.1 | 126.00 | OK | |||
r-oldrel-windows-x86_64 | 1.0.1 | 6.00 | 91.00 | 97.00 | OK |
Version: 1.0.1
Check: tests
Result: ERROR
Running ‘testthat.R’ [6s/11s]
Running the tests in ‘tests/testthat.R’ failed.
Last 13 lines of output:
2. ├─rio:::.export(file = file, x = x, ...)
3. └─rio:::.export.rio_parquet(file = file, x = x, ...)
4. └─rio:::.docall(arrow::write_parquet, ..., args = list(x = x, sink = file))
5. ├─R.utils::doCall(...)
6. ├─R.utils::doCall.default(...)
7. │ └─base::do.call(.fcn, args = args, envir = envir)
8. └─arrow (local) `<fn>`(x = `<df[,11]>`, sink = `<rio_prqt>`)
9. ├─ParquetFileWriter$create(...)
10. │ └─arrow:::parquet___arrow___ParquetFileWriter__Open(...)
11. └─ParquetWriterProperties$create(...)
12. └─arrow:::parquet___WriterProperties___Builder__create()
══ DONE ════════════════════════════════════════════════════════════════════════
Error: Test failures
Execution halted
Flavor: r-release-macos-arm64
Version: 1.0.1
Check: tests
Result: ERROR
Running 'testthat.R' [20s]
Running the tests in 'tests/testthat.R' failed.
Complete output:
> library("testthat")
> library("rio")
> test_check("rio", reporter = "summary")
characterize:
characterize()/factorize(): ......
check_file: ................................
compress:
Compressed files: ..... adding: iris.csv (deflated 78%)
.....
convert:
Convert: ......
create_outfiles: ........
errors:
Errors: ............
export_corner_cases: .........
export_list:
Test export_list(): .... adding: file_1.csv (deflated 48%)
adding: file_2.csv (deflated 50%)
adding: file_3.csv (deflated 48%)
. adding: file_1.csv (deflated 48%)
adding: file_2.csv (deflated 50%)
adding: file_3.csv (deflated 48%)
..........
extensions:
Extensions: ...
format_R:
R dump imports/exports: ....
format_arff:
Weka (.arff) imports/exports: ..
format_csv:
CSV imports/exports: ........
CSV (.csv2) imports/exports: ............
format_csv_gz:
.csv.gz imports/exports: ..
format_csvy:
CSVY imports/exports: ..
format_dbf:
XBASE (.dbf) imports/exports: ...
format_dif:
DIF imports/exports: .
format_dta:
Stata (.dta) imports/exports: ..........
format_eviews:
EViews import: .
format_external_packages:
External package Import/Export support: ...............
format_feather:
feather imports/exports: ..
format_fortran:
Fortran imports/exports: .
format_fst:
fst imports/exports: ..
format_fwf:
FWF imports/exports: ..........
format_html:
HTML imports/exports: ........................
format_json:
JSON imports/exports: ......
format_matlab:
rmatio imports/exports: SS
format_mtp:
Minitab (.mtp) imports/exports:
format_ods:
ODS imports/exports: ..............
format_parquet:
Parquet imports/exports: ..
format_psv:
PSV imports/exports: ....
format_pzfx:
pzfx imports/exports: .....
format_qs:
qs import/export: ..
format_rdata:
Rdata imports/exports: .........
format_rds:
Rds imports/exports: .....
format_rec:
Epiinfo (.rec) imports/exports:
format_sas:
SAS imports/exports: ...
format_sav:
SPSS (.sav) imports/exports: ........................
format_syd:
Systat (.syd) imports/exports: .
format_tsv:
TSV imports/exports: ....
format_xls:
Excel (xlsx) imports/exports: .............
format_xml:
XML imports/exports: ................S
format_yml:
YAML imports/exports: .....
gather_attrs:
Gather attrs: ......................
guess:
Get File Extension: ................
identical:
Check Data Identical: ..................
import_list:
Test import_list(): ........................ adding: mtcars.csv (deflated 58%)
.........S adding: file11e047debd2c.xlsx (deflated 8%)
.. adding: file11e04344f15e9.dta (deflated 89%)
.. adding: file11e047e614769.sav (deflated 62%)
.. adding: file11e04488b4464.csv (deflated 58%)
.. adding: file11e0421bb5e92.csv2 (deflated 58%)
.. adding: file11e042ebe167f.qs (stored 0%)
.. adding: file11e044f706a44.parquet (deflated 61%)
.. adding: file11e045a2a32f1.ods (deflated 7%)
..
install_formats:
Install uninstalled formats: S
mapping: ............
matrix:
Matrix imports/exports: ...
remote:
Remote Files: .Error in curl::curl_fetch_memory(file) :
Recv failure: Connection was reset
Error in curl::curl_fetch_memory(file) :
Recv failure: Connection was reset
1...
set_class:
Set object class: ...................
══ Skipped ═════════════════════════════════════════════════════════════════════
1. Export to matlab ('test_format_matlab.R:5:5') - Reason: failing mysteriously
2. Import from matlab ('test_format_matlab.R:11:5') - Reason: failing mysteriously
3. Import from XML ('test_format_xml.R:28:5') - Reason: temporarily skipping (https://github.com/r-lib/xml2/issues/339)
4. URL #294 ('test_import_list.R:104:5') - Reason: On CRAN
5. uninstalled_formats() ('test_install_formats.R:4:5') - Reason: On CRAN
══ Failed ══════════════════════════════════════════════════════════════════════
── 1. Error ('test_remote.R:21:5'): Import Remote GitHub File ──────────────────
Error in `curl::curl_fetch_memory(file)`: Recv failure: Connection was reset
Backtrace:
▆
1. └─rio:::remote_to_local(rfile) at test_remote.R:21:5
2. └─curl::curl_fetch_memory(file)
══ DONE ════════════════════════════════════════════════════════════════════════
Error: Test failures
Execution halted
Flavor: r-release-windows-x86_64