Last updated on 2024-05-21 07:53:18 CEST.
Flavor | Version | Tinstall | Tcheck | Ttotal | Status | Flags |
---|---|---|---|---|---|---|
r-devel-linux-x86_64-debian-clang | 1.1.7 | 6.45 | 54.11 | 60.56 | OK | |
r-devel-linux-x86_64-debian-gcc | 1.1.7 | 4.63 | 40.43 | 45.06 | OK | |
r-devel-linux-x86_64-fedora-clang | 1.1.7 | 74.78 | NOTE | |||
r-devel-linux-x86_64-fedora-gcc | 1.1.7 | 148.94 | OK | |||
r-devel-windows-x86_64 | 1.1.7 | 6.00 | 67.00 | 73.00 | OK | |
r-patched-linux-x86_64 | 1.1.7 | 5.49 | 51.48 | 56.97 | OK | |
r-release-linux-x86_64 | 1.1.7 | 6.05 | 52.50 | 58.55 | OK | |
r-release-macos-arm64 | 1.1.7 | 53.00 | OK | |||
r-release-macos-x86_64 | 1.1.7 | 236.00 | OK | |||
r-release-windows-x86_64 | 1.1.7 | 6.00 | 70.00 | 76.00 | OK | |
r-oldrel-macos-arm64 | 1.1.7 | 69.00 | OK | |||
r-oldrel-macos-x86_64 | 1.1.7 | 211.00 | OK | |||
r-oldrel-windows-x86_64 | 1.1.7 | 7.00 | 71.00 | 78.00 | OK |
Version: 1.1.7
Check: Rd cross-references
Result: NOTE
Undeclared package ‘ggplot2’ in Rd xrefs
Flavor: r-devel-linux-x86_64-fedora-clang