CRAN Package Check Results for Package prefmod

Last updated on 2014-04-24 07:52:34.

Flavor Version Tinstall Tcheck Ttotal Status Flags
r-devel-linux-x86_64-debian-clang 0.8-31 5.03 75.58 80.62 NOTE
r-devel-linux-x86_64-debian-gcc 0.8-31 4.71 78.32 83.03 NOTE
r-devel-linux-x86_64-fedora-clang 0.8-31 171.44 NOTE
r-devel-linux-x86_64-fedora-gcc 0.8-31 162.33 NOTE
r-devel-osx-x86_64-clang 0.8-31 145.44 NOTE
r-devel-osx-x86_64-gcc 0.8-31 NOTE
r-devel-windows-ix86+x86_64 0.8-31 14.00 135.00 149.00 NOTE
r-patched-linux-x86_64 0.8-31 4.80 77.57 82.38 NOTE
r-patched-solaris-sparc 0.8-31 901.90 NOTE
r-patched-solaris-x86 0.8-31 231.60 NOTE
r-release-linux-ix86 0.8-31 8.00 117.00 125.00 NOTE
r-release-linux-x86_64 0.8-31 4.87 77.36 82.23 NOTE
r-release-osx-x86_64-mavericks 0.8-31 WARN
r-release-windows-ix86+x86_64 0.8-31 14.00 138.00 152.00 NOTE
r-oldrel-windows-ix86+x86_64 0.8-31 13.00 140.00 153.00 NOTE

Check Details

Version: 0.8-31
Check: dependencies in R code
Result: NOTE
    There are ::: calls to the package's namespace in its code. A package
     almost never needs to use ::: for its own objects:
     ‘Rpatternmat’ ‘diffsred’
    See the information on DESCRIPTION files in the chapter ‘Creating R
    packages’ of the ‘Writing R Extensions’ manual.
Flavors: r-devel-linux-x86_64-debian-clang, r-devel-linux-x86_64-debian-gcc, r-devel-linux-x86_64-fedora-clang, r-devel-linux-x86_64-fedora-gcc, r-devel-osx-x86_64-clang, r-devel-osx-x86_64-gcc, r-devel-windows-ix86+x86_64, r-patched-linux-x86_64, r-patched-solaris-sparc, r-patched-solaris-x86, r-release-linux-ix86, r-release-linux-x86_64, r-release-osx-x86_64-mavericks, r-release-windows-ix86+x86_64, r-oldrel-windows-ix86+x86_64

Version: 0.8-31
Check: PDF version of manual
Result: WARNING
    LaTeX errors when creating PDF version.
    This typically indicates Rd problems.
    LaTeX errors found:
    ! LaTeX Error: File `upquote.sty' not found.
    
    Type X to quit or <RETURN> to proceed,
    or enter new name. (Default extension: sty)
    
    a124ab/Rd2.tex:8: ==> Fatal error occurred, no output PDF file produced!
Flavor: r-release-osx-x86_64-mavericks