CRAN Package Check Results for Package prefmod

Last updated on 2014-11-28 07:47:15.

Flavor Version Tinstall Tcheck Ttotal Status Flags
r-devel-linux-x86_64-debian-clang 0.8-32 7.54 66.58 74.12 OK
r-devel-linux-x86_64-debian-gcc 0.8-32 7.50 64.56 72.06 OK
r-devel-linux-x86_64-fedora-clang 0.8-32 165.35 OK
r-devel-linux-x86_64-fedora-gcc 0.8-32 158.45 OK
r-devel-osx-x86_64-clang 0.8-32 134.52 OK
r-devel-windows-ix86+x86_64 0.8-32 18.00 113.00 131.00 OK
r-patched-linux-x86_64 0.8-32 8.06 67.53 75.59 OK
r-patched-solaris-sparc 0.8-32 872.10 OK
r-patched-solaris-x86 0.8-32 207.90 OK
r-release-linux-ix86 0.8-32 9.61 79.17 88.78 OK
r-release-linux-x86_64 0.8-32 8.19 68.96 77.16 OK
r-release-osx-x86_64-mavericks 0.8-32 OK
r-release-osx-x86_64-snowleopard 0.8-32 OK
r-release-windows-ix86+x86_64 0.8-32 18.00 124.00 142.00 OK
r-oldrel-windows-ix86+x86_64 0.8-32 19.00 125.00 144.00 WARN

Check Details

Version: 0.8-32
Check: for code/documentation mismatches
Result: WARN
    Data codoc mismatches from documentation object 'trdel':
    Variables in data frame 'trdel'
     Code: V1 V10 V2 V3 V4 V5 V6 V7 V8 V9 age ltype sex
     Docs: V1} \code{V10 \code{V2} \code{V3} \code{V4} \code{V5} \code{V6}
     \code{V7} \code{V8} \code{V9} age ltype sex
Flavor: r-oldrel-windows-ix86+x86_64