CRAN Package Check Results for Package prefmod

Last updated on 2014-07-25 07:53:20.

Flavor Version Tinstall Tcheck Ttotal Status Flags
r-devel-linux-x86_64-debian-clang 0.8-32 8.28 66.15 74.44 OK
r-devel-linux-x86_64-debian-gcc 0.8-32 7.80 65.58 73.38 OK
r-devel-linux-x86_64-fedora-clang 0.8-32 164.59 OK
r-devel-linux-x86_64-fedora-gcc 0.8-32 158.66 OK
r-devel-osx-x86_64-clang 0.8-32 133.67 OK
r-devel-windows-ix86+x86_64 0.8-32 20.00 118.00 138.00 OK
r-patched-linux-x86_64 0.8-32 8.00 66.05 74.06 OK
r-patched-solaris-sparc 0.8-32 813.10 OK
r-patched-solaris-x86 0.8-32 211.00 OK
r-release-linux-ix86 0.8-32 9.96 81.36 91.32 OK
r-release-linux-x86_64 0.8-32 8.63 67.32 75.95 OK
r-release-osx-x86_64-mavericks 0.8-32 OK
r-release-osx-x86_64-snowleopard 0.8-32 OK
r-release-windows-ix86+x86_64 0.8-32 20.00 121.00 141.00 OK
r-oldrel-windows-ix86+x86_64 0.8-32 20.00 120.00 140.00 WARN

Check Details

Version: 0.8-32
Check: for code/documentation mismatches
Result: WARNING
    Data codoc mismatches from documentation object 'trdel':
    Variables in data frame 'trdel'
     Code: V1 V10 V2 V3 V4 V5 V6 V7 V8 V9 age ltype sex
     Docs: V1} \code{V10 \code{V2} \code{V3} \code{V4} \code{V5} \code{V6}
     \code{V7} \code{V8} \code{V9} age ltype sex
Flavor: r-oldrel-windows-ix86+x86_64