CRAN Package Check Results for Package prefmod

Last updated on 2015-03-06 06:47:04.

Flavor Version Tinstall Tcheck Ttotal Status Flags
r-devel-linux-x86_64-debian-clang 0.8-32 6.72 57.18 63.89 OK
r-devel-linux-x86_64-debian-gcc 0.8-32 6.59 56.24 62.83 OK
r-devel-linux-x86_64-fedora-clang 0.8-32 125.40 OK
r-devel-linux-x86_64-fedora-gcc 0.8-32 118.70 OK
r-devel-osx-x86_64-clang 0.8-32 119.39 OK
r-devel-windows-ix86+x86_64 0.8-32 16.00 103.00 119.00 OK
r-patched-linux-x86_64 0.8-32 8.14 69.50 77.64 OK
r-patched-solaris-sparc 0.8-32 867.00 OK
r-patched-solaris-x86 0.8-32 197.40 OK
r-release-linux-ix86 0.8-32 9.01 74.82 83.82 OK
r-release-linux-x86_64 0.8-32 8.19 68.87 77.06 OK
r-release-osx-x86_64-mavericks 0.8-32 OK
r-release-osx-x86_64-snowleopard 0.8-32 OK
r-release-windows-ix86+x86_64 0.8-32 22.00 122.00 144.00 OK
r-oldrel-windows-ix86+x86_64 0.8-32 17.00 123.00 140.00 WARN

Check Details

Version: 0.8-32
Check: for code/documentation mismatches
Result: WARN
    Data codoc mismatches from documentation object 'trdel':
    Variables in data frame 'trdel'
     Code: V1 V10 V2 V3 V4 V5 V6 V7 V8 V9 age ltype sex
     Docs: V1} \code{V10 \code{V2} \code{V3} \code{V4} \code{V5} \code{V6}
     \code{V7} \code{V8} \code{V9} age ltype sex
Flavor: r-oldrel-windows-ix86+x86_64