CRAN Package Check Results for Package prefmod

Last updated on 2015-07-30 07:47:18.

Flavor Version Tinstall Tcheck Ttotal Status Flags
r-devel-linux-x86_64-debian-clang 0.8-32 6.18 54.38 60.56 NOTE
r-devel-linux-x86_64-debian-gcc 0.8-32 5.82 55.49 61.31 NOTE
r-devel-linux-x86_64-fedora-clang 0.8-32 117.69 NOTE
r-devel-linux-x86_64-fedora-gcc 0.8-32 111.40 NOTE
r-devel-osx-x86_64-clang 0.8-32 91.43 OK
r-devel-windows-ix86+x86_64 0.8-32 18.00 116.00 134.00 NOTE
r-patched-linux-x86_64 0.8-32 6.26 53.02 59.28 OK
r-patched-solaris-sparc 0.8-32 717.50 OK
r-patched-solaris-x86 0.8-32 151.40 OK
r-release-linux-x86_64 0.8-32 6.13 53.42 59.55 OK
r-release-osx-x86_64-mavericks 0.8-32 OK
r-release-windows-ix86+x86_64 0.8-32 20.00 102.00 122.00 OK
r-oldrel-windows-ix86+x86_64 0.8-32 29.00 171.00 200.00 OK

Check Details

Version: 0.8-32
Check: R code for possible problems
Result: NOTE
    alldistPC: no visible global function definition for ‘flush.console’
    alldistPC: no visible global function definition for ‘par’
    alldistPC: no visible global function definition for ‘lines’
    alldistPC: no visible global function definition for ‘points’
    checkMIS: no visible global function definition for ‘read.table’
    init: no visible global function definition for ‘read.table’
    llbt.design: no visible global function definition for ‘read.table’
    llbtPC.fit: no visible global function definition for ‘read.table’
    loglik: no visible global function definition for ‘flush.console’
    loglikPC: no visible global function definition for ‘flush.console’
    patt.design: no visible global function definition for ‘flush.console’
    pattL.fit: no visible global function definition for ‘read.table’
    pattLrep.fit: no visible global function definition for ‘read.table’
    pattPC.fit: no visible global function definition for ‘read.table’
    pattR.fit: no visible global function definition for ‘read.table’
    pattRrep.fit: no visible global function definition for ‘read.table’
    plot.wmat: no visible global function definition for ‘par’
    plot.wmat: no visible global function definition for ‘title’
    plot.wmat: no visible global function definition for ‘box’
    plot.wmat: no visible global function definition for ‘axis’
    plot.wmat: no visible global function definition for ‘strwidth’
    plot.wmat: no visible global function definition for ‘xy.coords’
    plot.wmat: no visible global function definition for ‘lines’
    plot.wmat: no visible global function definition for ‘points’
    plot.wmat: no visible global function definition for ‘text’
    plotworth: no visible global function definition for ‘par’
    plotworth: no visible global function definition for ‘title’
    plotworth: no visible global function definition for ‘box’
    plotworth: no visible global function definition for ‘axis’
    plotworth: no visible global function definition for ‘strwidth’
    plotworth: no visible global function definition for ‘xy.coords’
    plotworth: no visible global function definition for ‘lines’
    plotworth: no visible global function definition for ‘points’
    plotworth: no visible global function definition for ‘text’
    writeGLIMcmds: no visible global function definition for
     ‘flush.console’
    writeGLIMcmds: no visible global function definition for ‘write.table’
    Undefined global functions or variables:
     axis box flush.console lines par points read.table strwidth text
     title write.table xy.coords
    Consider adding
     importFrom("grDevices", "xy.coords")
     importFrom("graphics", "axis", "box", "lines", "par", "points",
     "strwidth", "text", "title")
     importFrom("utils", "flush.console", "read.table", "write.table")
    to your NAMESPACE.
Flavors: r-devel-linux-x86_64-debian-clang, r-devel-linux-x86_64-debian-gcc, r-devel-linux-x86_64-fedora-clang, r-devel-linux-x86_64-fedora-gcc, r-devel-windows-ix86+x86_64