CRAN Package Check Results for Package prefmod

Last updated on 2014-08-01 05:48:30.

Flavor Version Tinstall Tcheck Ttotal Status Flags
r-devel-linux-x86_64-debian-clang 0.8-32 8.35 66.67 75.02 OK
r-devel-linux-x86_64-debian-gcc 0.8-32 8.59 64.82 73.41 OK
r-devel-linux-x86_64-fedora-clang 0.8-32 166.27 OK
r-devel-linux-x86_64-fedora-gcc 0.8-32 155.77 OK
r-devel-osx-x86_64-clang 0.8-32 133.14 OK
r-devel-windows-ix86+x86_64 0.8-32 19.00 119.00 138.00 OK
r-patched-linux-x86_64 0.8-32 7.98 67.75 75.74 OK
r-patched-solaris-sparc 0.8-32 872.10 OK
r-patched-solaris-x86 0.8-32 212.70 OK
r-release-linux-ix86 0.8-32 9.91 80.20 90.11 OK
r-release-linux-x86_64 0.8-32 9.12 67.38 76.50 OK
r-release-osx-x86_64-mavericks 0.8-32 OK
r-release-osx-x86_64-snowleopard 0.8-32 OK
r-release-windows-ix86+x86_64 0.8-32 29.00 165.00 194.00 OK
r-oldrel-windows-ix86+x86_64 0.8-32 27.00 168.00 195.00 WARN

Check Details

Version: 0.8-32
Check: for code/documentation mismatches
Result: WARNING
    Data codoc mismatches from documentation object 'trdel':
    Variables in data frame 'trdel'
     Code: V1 V10 V2 V3 V4 V5 V6 V7 V8 V9 age ltype sex
     Docs: V1} \code{V10 \code{V2} \code{V3} \code{V4} \code{V5} \code{V6}
     \code{V7} \code{V8} \code{V9} age ltype sex
Flavor: r-oldrel-windows-ix86+x86_64