CRAN Package Check Results for Package prefmod

Last updated on 2014-09-17 05:47:17.

Flavor Version Tinstall Tcheck Ttotal Status Flags
r-devel-linux-x86_64-debian-clang 0.8-32 7.55 65.20 72.75 OK
r-devel-linux-x86_64-debian-gcc 0.8-32 7.38 66.00 73.38 OK
r-devel-linux-x86_64-fedora-clang 0.8-32 154.24 OK
r-devel-linux-x86_64-fedora-gcc 0.8-32 150.75 OK
r-devel-osx-x86_64-clang 0.8-32 132.50 OK
r-devel-windows-ix86+x86_64 0.8-32 20.00 112.00 132.00 OK
r-patched-linux-x86_64 0.8-32 8.51 66.14 74.66 OK
r-patched-solaris-sparc 0.8-32 872.10 OK
r-patched-solaris-x86 0.8-32 211.60 OK
r-release-linux-ix86 0.8-32 10.09 82.04 92.13 OK
r-release-linux-x86_64 0.8-32 8.14 67.73 75.87 OK
r-release-osx-x86_64-mavericks 0.8-32 OK
r-release-osx-x86_64-snowleopard 0.8-32 OK
r-release-windows-ix86+x86_64 0.8-32 20.00 120.00 140.00 OK
r-oldrel-windows-ix86+x86_64 0.8-32 18.00 130.00 148.00 WARN

Check Details

Version: 0.8-32
Check: for code/documentation mismatches
Result: WARN
    Data codoc mismatches from documentation object 'trdel':
    Variables in data frame 'trdel'
     Code: V1 V10 V2 V3 V4 V5 V6 V7 V8 V9 age ltype sex
     Docs: V1} \code{V10 \code{V2} \code{V3} \code{V4} \code{V5} \code{V6}
     \code{V7} \code{V8} \code{V9} age ltype sex
Flavor: r-oldrel-windows-ix86+x86_64