Last updated on 2024-05-11 07:51:39 CEST.
Flavor | Version | Tinstall | Tcheck | Ttotal | Status | Flags |
---|---|---|---|---|---|---|
r-devel-linux-x86_64-debian-clang | 2.4.0.2 | 27.39 | 209.39 | 236.78 | OK | |
r-devel-linux-x86_64-debian-gcc | 2.4.0.2 | 23.18 | 154.86 | 178.04 | OK | |
r-devel-linux-x86_64-fedora-clang | 2.4.0.2 | 308.22 | NOTE | |||
r-devel-linux-x86_64-fedora-gcc | 2.4.0.2 | 304.73 | NOTE | |||
r-devel-windows-x86_64 | 2.4.0.2 | 24.00 | 143.00 | 167.00 | OK | |
r-patched-linux-x86_64 | 2.4.0.2 | 25.05 | 197.08 | 222.13 | OK | |
r-release-linux-x86_64 | 2.4.0.2 | 20.82 | 202.09 | 222.91 | OK | |
r-release-macos-arm64 | 2.4.0.2 | 75.00 | OK | |||
r-release-windows-x86_64 | 2.4.0.2 | 25.00 | 143.00 | 168.00 | OK | |
r-oldrel-macos-arm64 | 2.4.0.2 | 89.00 | OK | |||
r-oldrel-macos-x86_64 | 2.4.0.2 | 136.00 | OK | |||
r-oldrel-windows-x86_64 | 2.4.0.2 | 32.00 | 179.00 | 211.00 | OK |
Version: 2.4.0.2
Check: dependencies in R code
Result: NOTE
Namespaces in Imports field not imported from:
‘ActCR’ ‘ActFrag’ ‘tidyr’
All declared Imports should be used.
Flavors: r-devel-linux-x86_64-fedora-clang, r-devel-linux-x86_64-fedora-gcc