Last updated on 2024-05-13 07:50:11 CEST.
Flavor | Version | Tinstall | Tcheck | Ttotal | Status | Flags |
---|---|---|---|---|---|---|
r-devel-linux-x86_64-debian-clang | 0.1.3 | 135.98 | 56.63 | 192.61 | OK | |
r-devel-linux-x86_64-debian-gcc | 0.1.3 | 111.15 | 48.82 | 159.97 | OK | |
r-devel-linux-x86_64-fedora-clang | 0.1.3 | 256.54 | OK | |||
r-devel-linux-x86_64-fedora-gcc | 0.1.3 | 342.61 | OK | |||
r-devel-windows-x86_64 | 0.1.3 | 98.00 | 86.00 | 184.00 | OK | |
r-patched-linux-x86_64 | 0.1.3 | 130.69 | 63.57 | 194.26 | OK | |
r-release-linux-x86_64 | 0.1.3 | 134.61 | 60.85 | 195.46 | OK | |
r-release-macos-arm64 | 0.1.3 | 74.00 | NOTE | |||
r-release-windows-x86_64 | 0.1.3 | 100.00 | 86.00 | 186.00 | OK | |
r-oldrel-macos-arm64 | 0.1.3 | 69.00 | NOTE | |||
r-oldrel-macos-x86_64 | 0.1.3 | 115.00 | NOTE | |||
r-oldrel-windows-x86_64 | 0.1.3 | 121.00 | 99.00 | 220.00 | OK |
Version: 0.1.3
Check: installed package size
Result: NOTE
installed size is 19.4Mb
sub-directories of 1Mb or more:
libs 19.0Mb
Flavors: r-release-macos-arm64, r-oldrel-macos-arm64, r-oldrel-macos-x86_64