Last updated on 2024-05-23 07:55:16 CEST.
Flavor | Version | Tinstall | Tcheck | Ttotal | Status | Flags |
---|---|---|---|---|---|---|
r-devel-linux-x86_64-debian-clang | 0.1.4 | 7.60 | 66.62 | 74.22 | NOTE | |
r-devel-linux-x86_64-debian-gcc | 0.1.4 | 5.37 | 49.91 | 55.28 | NOTE | |
r-devel-linux-x86_64-fedora-clang | 0.1.4 | 89.61 | NOTE | |||
r-devel-linux-x86_64-fedora-gcc | 0.1.4 | 90.89 | NOTE | |||
r-devel-windows-x86_64 | 0.1.4 | 7.00 | 64.00 | 71.00 | NOTE | |
r-patched-linux-x86_64 | 0.1.4 | 7.35 | 62.98 | 70.33 | NOTE | |
r-release-linux-x86_64 | 0.1.4 | 5.78 | 64.11 | 69.89 | NOTE | |
r-release-macos-arm64 | 0.1.4 | 29.00 | NOTE | |||
r-release-windows-x86_64 | 0.1.4 | 7.00 | 63.00 | 70.00 | NOTE | |
r-oldrel-macos-arm64 | 0.1.4 | 33.00 | NOTE | |||
r-oldrel-macos-x86_64 | 0.1.4 | 51.00 | NOTE | |||
r-oldrel-windows-x86_64 | 0.1.4 | 9.00 | 74.00 | 83.00 | NOTE |
Version: 0.1.4
Check: LazyData
Result: NOTE
'LazyData' is specified without a 'data' directory
Flavors: r-devel-linux-x86_64-debian-clang, r-devel-linux-x86_64-debian-gcc, r-devel-linux-x86_64-fedora-clang, r-devel-linux-x86_64-fedora-gcc, r-devel-windows-x86_64, r-patched-linux-x86_64, r-release-linux-x86_64, r-release-macos-arm64, r-release-windows-x86_64, r-oldrel-macos-arm64, r-oldrel-macos-x86_64, r-oldrel-windows-x86_64