Last updated on 2024-05-19 07:56:52 CEST.
Flavor | Version | Tinstall | Tcheck | Ttotal | Status | Flags |
---|---|---|---|---|---|---|
r-devel-linux-x86_64-debian-clang | 0.1.0 | 3.17 | 62.57 | 65.74 | NOTE | |
r-devel-linux-x86_64-debian-gcc | 0.1.0 | 2.37 | 46.91 | 49.28 | NOTE | |
r-devel-linux-x86_64-fedora-clang | 0.1.0 | 84.18 | NOTE | |||
r-devel-linux-x86_64-fedora-gcc | 0.1.0 | 107.09 | NOTE | |||
r-devel-windows-x86_64 | 0.1.0 | 4.00 | 74.00 | 78.00 | NOTE | |
r-patched-linux-x86_64 | 0.1.0 | 2.89 | 60.60 | 63.49 | NOTE | |
r-release-linux-x86_64 | 0.1.0 | 1.90 | 58.93 | 60.83 | NOTE | |
r-release-macos-arm64 | 0.1.0 | 46.00 | NOTE | |||
r-release-windows-x86_64 | 0.1.0 | 4.00 | 75.00 | 79.00 | NOTE | |
r-oldrel-macos-arm64 | 0.1.0 | 40.00 | OK | |||
r-oldrel-macos-x86_64 | 0.1.0 | 50.00 | OK | |||
r-oldrel-windows-x86_64 | 0.1.0 | 4.00 | 79.00 | 83.00 | OK |
Version: 0.1.0
Check: Rd files
Result: NOTE
checkRd: (-1) lawdata.Rd:15: Lost braces in \itemize; meant \describe ?
checkRd: (-1) lawdata.Rd:16: Lost braces in \itemize; meant \describe ?
checkRd: (-1) lawdata.Rd:17: Lost braces in \itemize; meant \describe ?
checkRd: (-1) lawdata.Rd:18: Lost braces in \itemize; meant \describe ?
checkRd: (-1) lawdata.Rd:19: Lost braces in \itemize; meant \describe ?
checkRd: (-1) lawdata.Rd:20: Lost braces in \itemize; meant \describe ?
checkRd: (-1) lawdata.Rd:21: Lost braces in \itemize; meant \describe ?
checkRd: (-1) lawdata.Rd:22: Lost braces in \itemize; meant \describe ?
Flavors: r-devel-linux-x86_64-debian-clang, r-devel-linux-x86_64-debian-gcc, r-devel-linux-x86_64-fedora-clang, r-devel-linux-x86_64-fedora-gcc, r-devel-windows-x86_64, r-patched-linux-x86_64, r-release-linux-x86_64, r-release-macos-arm64, r-release-windows-x86_64