Last updated on 2024-05-04 07:52:56 CEST.
Flavor | Version | Tinstall | Tcheck | Ttotal | Status | Flags |
---|---|---|---|---|---|---|
r-devel-linux-x86_64-debian-clang | 0.7.0 | 10.28 | 85.38 | 95.66 | NOTE | |
r-devel-linux-x86_64-debian-gcc | 0.7.0 | 7.70 | 62.99 | 70.69 | NOTE | |
r-devel-linux-x86_64-fedora-clang | 0.7.0 | 117.01 | NOTE | |||
r-devel-linux-x86_64-fedora-gcc | 0.7.0 | 115.90 | NOTE | |||
r-devel-windows-x86_64 | 0.7.0 | 10.00 | 81.00 | 91.00 | NOTE | |
r-patched-linux-x86_64 | 0.7.0 | 13.64 | 81.52 | 95.16 | NOTE | |
r-release-linux-x86_64 | 0.7.0 | 8.06 | 81.61 | 89.67 | NOTE | |
r-release-macos-arm64 | 0.7.0 | 34.00 | NOTE | |||
r-release-windows-x86_64 | 0.7.0 | 9.00 | 80.00 | 89.00 | NOTE | |
r-oldrel-macos-arm64 | 0.7.0 | 39.00 | OK | |||
r-oldrel-macos-x86_64 | 0.7.0 | 58.00 | OK | |||
r-oldrel-windows-x86_64 | 0.7.0 | 11.00 | 92.00 | 103.00 | OK |
Version: 0.7.0
Check: Rd files
Result: NOTE
checkRd: (-1) partial_correlation.Rd:26: Lost braces in \itemize; meant \describe ?
checkRd: (-1) partial_correlation.Rd:27: Lost braces in \itemize; meant \describe ?
checkRd: (-1) partial_correlation.Rd:28: Lost braces in \itemize; meant \describe ?
checkRd: (-1) partial_correlation.Rd:29: Lost braces in \itemize; meant \describe ?
Flavors: r-devel-linux-x86_64-debian-clang, r-devel-linux-x86_64-debian-gcc, r-devel-linux-x86_64-fedora-clang, r-devel-linux-x86_64-fedora-gcc, r-devel-windows-x86_64, r-patched-linux-x86_64, r-release-linux-x86_64, r-release-macos-arm64, r-release-windows-x86_64