Last updated on 2024-05-11 07:51:37 CEST.
Flavor | Version | Tinstall | Tcheck | Ttotal | Status | Flags |
---|---|---|---|---|---|---|
r-devel-linux-x86_64-debian-clang | 2.0.2 | 6.09 | 109.03 | 115.12 | OK | |
r-devel-linux-x86_64-debian-gcc | 2.0.2 | 4.03 | 158.22 | 162.25 | OK | |
r-devel-linux-x86_64-fedora-clang | 2.0.2 | 185.04 | NOTE | |||
r-devel-linux-x86_64-fedora-gcc | 2.0.2 | 191.98 | NOTE | |||
r-devel-windows-x86_64 | 2.0.2 | 5.00 | 111.00 | 116.00 | OK | |
r-patched-linux-x86_64 | 2.0.2 | 7.38 | 188.97 | 196.35 | OK | |
r-release-linux-x86_64 | 2.0.2 | 6.28 | 184.86 | 191.14 | OK | |
r-release-macos-arm64 | 2.0.2 | 40.00 | OK | |||
r-release-windows-x86_64 | 2.0.2 | 6.00 | 108.00 | 114.00 | OK | |
r-oldrel-macos-arm64 | 2.0.2 | 43.00 | OK | |||
r-oldrel-macos-x86_64 | 2.0.2 | 75.00 | OK | |||
r-oldrel-windows-x86_64 | 2.0.2 | 9.00 | 130.00 | 139.00 | OK |
Version: 2.0.2
Check: data for non-ASCII characters
Result: NOTE
Note: found 50 marked UTF-8 strings
Flavors: r-devel-linux-x86_64-fedora-clang, r-devel-linux-x86_64-fedora-gcc