Last updated on 2024-05-05 07:53:55 CEST.
Flavor | Version | Tinstall | Tcheck | Ttotal | Status | Flags |
---|---|---|---|---|---|---|
r-devel-linux-x86_64-debian-clang | 1.9.1 | 27.33 | 453.90 | 481.23 | OK | |
r-devel-linux-x86_64-debian-gcc | 1.9.1 | 24.95 | 326.12 | 351.07 | OK | |
r-devel-linux-x86_64-fedora-clang | 1.9.1 | 587.62 | NOTE | |||
r-devel-linux-x86_64-fedora-gcc | 1.9.1 | 582.48 | OK | |||
r-devel-windows-x86_64 | 1.9.1 | 25.00 | 333.00 | 358.00 | OK | |
r-patched-linux-x86_64 | 1.9.1 | 39.74 | 428.10 | 467.84 | OK | |
r-release-linux-x86_64 | 1.9.1 | 24.16 | 426.28 | 450.44 | OK | |
r-release-macos-arm64 | 1.9.1 | 149.00 | OK | |||
r-release-macos-x86_64 | 1.9.1 | 236.00 | OK | |||
r-release-windows-x86_64 | 1.9.1 | 26.00 | 333.00 | 359.00 | OK | |
r-oldrel-macos-arm64 | 1.9.1 | 146.00 | OK | |||
r-oldrel-macos-x86_64 | 1.9.1 | 235.00 | OK | |||
r-oldrel-windows-x86_64 | 1.9.1 | 33.00 | 449.00 | 482.00 | OK |
Version: 1.9.1
Check: Rd cross-references
Result: NOTE
Undeclared package ‘cubature’ in Rd xrefs
Flavor: r-devel-linux-x86_64-fedora-clang