Last updated on 2024-05-11 07:51:35 CEST.
Flavor | Version | Tinstall | Tcheck | Ttotal | Status | Flags |
---|---|---|---|---|---|---|
r-devel-linux-x86_64-debian-clang | 0.6.0 | 34.23 | 368.13 | 402.36 | OK | |
r-devel-linux-x86_64-debian-gcc | 0.6.0 | 23.72 | 254.09 | 277.81 | OK | |
r-devel-linux-x86_64-fedora-clang | 0.6.0 | 503.50 | NOTE | |||
r-devel-linux-x86_64-fedora-gcc | 0.6.0 | 637.08 | OK | |||
r-devel-windows-x86_64 | 0.6.0 | 30.00 | 260.00 | 290.00 | NOTE | |
r-patched-linux-x86_64 | 0.6.0 | 25.84 | 342.30 | 368.14 | OK | |
r-release-linux-x86_64 | 0.6.0 | 20.61 | 332.61 | 353.22 | OK | |
r-release-macos-arm64 | 0.6.0 | 125.00 | NOTE | |||
r-release-macos-x86_64 | 0.6.0 | 390.00 | NOTE | |||
r-release-windows-x86_64 | 0.6.0 | 29.00 | 260.00 | 289.00 | NOTE | |
r-oldrel-macos-arm64 | 0.6.0 | 134.00 | NOTE | |||
r-oldrel-macos-x86_64 | 0.6.0 | 319.00 | NOTE | |||
r-oldrel-windows-x86_64 | 0.6.0 | 41.00 | 346.00 | 387.00 | NOTE |
Version: 0.6.0
Check: installed package size
Result: NOTE
installed size is 6.7Mb
sub-directories of 1Mb or more:
res 5.4Mb
Flavors: r-devel-linux-x86_64-fedora-clang, r-devel-windows-x86_64, r-release-macos-arm64, r-release-macos-x86_64, r-release-windows-x86_64, r-oldrel-macos-arm64, r-oldrel-macos-x86_64, r-oldrel-windows-x86_64