Last updated on 2024-05-11 07:51:34 CEST.
Flavor | Version | Tinstall | Tcheck | Ttotal | Status | Flags |
---|---|---|---|---|---|---|
r-devel-linux-x86_64-debian-clang | 0.2.4 | 17.20 | 133.42 | 150.62 | NOTE | |
r-devel-linux-x86_64-debian-gcc | 0.2.4 | 11.95 | 96.45 | 108.40 | NOTE | |
r-devel-linux-x86_64-fedora-clang | 0.2.4 | 183.42 | NOTE | |||
r-devel-linux-x86_64-fedora-gcc | 0.2.4 | 248.10 | NOTE | |||
r-devel-windows-x86_64 | 0.2.4 | 12.00 | 107.00 | 119.00 | NOTE | |
r-patched-linux-x86_64 | 0.2.4 | 10.43 | 127.24 | 137.67 | NOTE | |
r-release-linux-x86_64 | 0.2.4 | 12.17 | 125.04 | 137.21 | NOTE | |
r-release-macos-arm64 | 0.2.4 | 53.00 | NOTE | |||
r-release-windows-x86_64 | 0.2.4 | 15.00 | 111.00 | 126.00 | NOTE | |
r-oldrel-macos-arm64 | 0.2.4 | 56.00 | OK | |||
r-oldrel-macos-x86_64 | 0.2.4 | 84.00 | OK | |||
r-oldrel-windows-x86_64 | 0.2.4 | 16.00 | 125.00 | 141.00 | OK |
Version: 0.2.4
Check: Rd files
Result: NOTE
checkRd: (-1) bootstrap_pvals.Rd:78: Lost braces; missing escapes or markup?
78 | $(n_{extreme} + 1) / (B + 1)$.
| ^
Flavors: r-devel-linux-x86_64-debian-clang, r-devel-linux-x86_64-debian-gcc, r-devel-linux-x86_64-fedora-clang, r-devel-linux-x86_64-fedora-gcc, r-devel-windows-x86_64, r-patched-linux-x86_64, r-release-linux-x86_64, r-release-macos-arm64, r-release-windows-x86_64